CRAN Package Check Results for Package Ritc

Last updated on 2022-06-26 21:54:02 CEST.

Flavor Version Tinstall Tcheck Ttotal Status Flags
r-devel-linux-x86_64-debian-clang 1.0.2 1.94 24.82 26.76 NOTE
r-devel-linux-x86_64-debian-gcc 1.0.2 1.68 19.40 21.08 NOTE
r-devel-linux-x86_64-fedora-clang 1.0.2 43.36 NOTE
r-devel-linux-x86_64-fedora-gcc 1.0.2 42.81 NOTE
r-devel-windows-x86_64 1.0.2 10.00 58.00 68.00 OK
r-patched-linux-x86_64 1.0.2 3.32 24.21 27.53 NOTE
r-release-linux-x86_64 1.0.2 2.26 24.46 26.72 NOTE
r-release-macos-arm64 1.0.2 15.00 OK
r-release-macos-x86_64 1.0.2 22.00 OK
r-release-windows-x86_64 1.0.2 13.00 56.00 69.00 OK
r-oldrel-macos-arm64 1.0.2 18.00 OK
r-oldrel-macos-x86_64 1.0.2 26.00 OK
r-oldrel-windows-ix86+x86_64 1.0.2 5.00 43.00 48.00 OK

Check Details

Version: 1.0.2
Check: for non-standard things in the check directory
Result: NOTE
    Found the following files/directories:
     'B110711CD4.CSV' 'inputparam2.txt' 'itcout0.pdf' 'itcout1.eps'
     'origin_data.csv'
Flavors: r-devel-linux-x86_64-debian-clang, r-devel-linux-x86_64-debian-gcc, r-devel-linux-x86_64-fedora-clang, r-devel-linux-x86_64-fedora-gcc, r-patched-linux-x86_64, r-release-linux-x86_64