CRAN Package Check Results for Package Rfssa

Last updated on 2022-06-30 06:49:34 CEST.

Flavor Version Tinstall Tcheck Ttotal Status Flags
r-devel-linux-x86_64-debian-clang 2.0.1 109.17 170.71 279.88 OK
r-devel-linux-x86_64-debian-gcc 2.0.1 92.20 127.59 219.79 OK
r-devel-linux-x86_64-fedora-clang 2.0.1 390.82 NOTE
r-devel-linux-x86_64-fedora-gcc 2.0.1 388.41 NOTE
r-devel-windows-x86_64 2.0.1 107.00 210.00 317.00 OK
r-patched-linux-x86_64 2.0.1 104.40 164.72 269.12 OK
r-release-linux-x86_64 2.0.1 96.50 160.67 257.17 OK
r-release-macos-arm64 2.0.1 86.00 NOTE
r-release-macos-x86_64 2.0.1 147.00 NOTE
r-release-windows-x86_64 2.0.1 104.00 199.00 303.00 OK
r-oldrel-macos-arm64 2.0.1 82.00 NOTE
r-oldrel-macos-x86_64 2.0.1 115.00 NOTE
r-oldrel-windows-ix86+x86_64 2.0.1 289.00 249.00 538.00 OK

Check Details

Version: 2.0.1
Check: dependencies in R code
Result: NOTE
    Namespace in Imports field not imported from: ‘markdown’
     All declared Imports should be used.
Flavors: r-devel-linux-x86_64-fedora-clang, r-devel-linux-x86_64-fedora-gcc, r-release-macos-arm64, r-release-macos-x86_64, r-oldrel-macos-arm64, r-oldrel-macos-x86_64

Version: 2.0.1
Check: installed package size
Result: NOTE
     installed size is 6.5Mb
     sub-directories of 1Mb or more:
     libs 6.0Mb
Flavors: r-release-macos-arm64, r-release-macos-x86_64, r-oldrel-macos-arm64, r-oldrel-macos-x86_64