Last updated on 2023-12-09 12:49:33 CET.
Flavor | Version | Tinstall | Tcheck | Ttotal | Status | Flags |
---|---|---|---|---|---|---|
r-devel-linux-x86_64-debian-clang | 1.0.1 | 5.89 | 56.69 | 62.58 | NOTE | |
r-devel-linux-x86_64-debian-gcc | 1.0.1 | 5.14 | 42.98 | 48.12 | NOTE | |
r-devel-linux-x86_64-fedora-clang | 1.0.1 | 76.87 | NOTE | |||
r-devel-linux-x86_64-fedora-gcc | 1.0.1 | 78.26 | NOTE | |||
r-devel-windows-x86_64 | 1.0.1 | 8.00 | 88.00 | 96.00 | NOTE | |
r-patched-linux-x86_64 | 1.0.1 | 5.08 | 54.20 | 59.28 | NOTE | |
r-release-linux-x86_64 | 1.0.1 | 4.84 | 53.80 | 58.64 | NOTE | |
r-release-macos-arm64 | 1.0.1 | 56.00 | NOTE | |||
r-release-macos-x86_64 | 1.0.1 | 74.00 | NOTE | |||
r-release-windows-x86_64 | 1.0.1 | 8.00 | 93.00 | 101.00 | NOTE | |
r-oldrel-macos-arm64 | 1.0.1 | 41.00 | NOTE | |||
r-oldrel-macos-x86_64 | 1.0.1 | 64.00 | NOTE | |||
r-oldrel-windows-x86_64 | 1.0.1 | 9.00 | 98.00 | 107.00 | NOTE |
Version: 1.0.1
Check: LazyData
Result: NOTE
'LazyData' is specified without a 'data' directory
Flavors: r-devel-linux-x86_64-debian-clang, r-devel-linux-x86_64-debian-gcc, r-devel-linux-x86_64-fedora-clang, r-devel-linux-x86_64-fedora-gcc, r-devel-windows-x86_64, r-patched-linux-x86_64, r-release-linux-x86_64, r-release-macos-arm64, r-release-macos-x86_64, r-release-windows-x86_64, r-oldrel-macos-arm64, r-oldrel-macos-x86_64, r-oldrel-windows-x86_64