Last updated on 2024-04-27 03:56:25 CEST.
Flavor | Version | Tinstall | Tcheck | Ttotal | Status | Flags |
---|---|---|---|---|---|---|
r-devel-linux-x86_64-debian-clang | 0.0.1 | 4.40 | 65.61 | 70.01 | NOTE | |
r-devel-linux-x86_64-debian-gcc | 0.0.1 | 4.25 | 48.85 | 53.10 | NOTE | |
r-devel-linux-x86_64-fedora-clang | 0.0.1 | 86.00 | NOTE | |||
r-devel-linux-x86_64-fedora-gcc | 0.0.1 | 85.35 | NOTE | |||
r-devel-windows-x86_64 | 0.0.1 | 6.00 | 66.00 | 72.00 | NOTE | |
r-patched-linux-x86_64 | 0.0.1 | 4.20 | 62.39 | 66.59 | NOTE | |
r-release-linux-x86_64 | 0.0.1 | 5.41 | 63.73 | 69.14 | NOTE | |
r-release-macos-arm64 | 0.0.1 | 26.00 | NOTE | |||
r-release-windows-x86_64 | 0.0.1 | 5.00 | 64.00 | 69.00 | NOTE | |
r-oldrel-macos-arm64 | 0.0.1 | 30.00 | NOTE | |||
r-oldrel-macos-x86_64 | 0.0.1 | 44.00 | NOTE | |||
r-oldrel-windows-x86_64 | 0.0.1 | 7.00 | 76.00 | 83.00 | NOTE |
Version: 0.0.1
Check: package subdirectories
Result: NOTE
Problems with news in ‘NEWS.md’:
No news entries found.
Flavors: r-devel-linux-x86_64-debian-clang, r-devel-linux-x86_64-debian-gcc, r-devel-linux-x86_64-fedora-clang, r-devel-linux-x86_64-fedora-gcc, r-devel-windows-x86_64, r-patched-linux-x86_64, r-release-linux-x86_64, r-release-macos-arm64, r-release-windows-x86_64, r-oldrel-macos-arm64, r-oldrel-macos-x86_64, r-oldrel-windows-x86_64
Version: 0.0.1
Check: dependencies in R code
Result: NOTE
Namespace in Imports field not imported from: ‘stringi’
All declared Imports should be used.
Flavors: r-devel-linux-x86_64-fedora-clang, r-devel-linux-x86_64-fedora-gcc