Last updated on 2023-02-06 21:54:57 CET.
Flavor | Version | Tinstall | Tcheck | Ttotal | Status | Flags |
---|---|---|---|---|---|---|
r-devel-linux-x86_64-debian-clang | 0.1.0 | 18.05 | 136.77 | 154.82 | NOTE | |
r-devel-linux-x86_64-debian-gcc | 0.1.0 | 12.67 | 99.91 | 112.58 | NOTE | |
r-devel-linux-x86_64-fedora-clang | 0.1.0 | 189.91 | NOTE | |||
r-devel-linux-x86_64-fedora-gcc | 0.1.0 | 195.37 | NOTE | |||
r-devel-windows-x86_64 | 0.1.0 | 20.00 | 159.00 | 179.00 | NOTE | |
r-patched-linux-x86_64 | 0.1.0 | 11.26 | 131.09 | 142.35 | NOTE | |
r-release-linux-x86_64 | 0.1.0 | 13.07 | 132.64 | 145.71 | NOTE | |
r-release-macos-arm64 | 0.1.0 | 54.00 | NOTE | |||
r-release-macos-x86_64 | 0.1.0 | 95.00 | NOTE | |||
r-release-windows-x86_64 | 0.1.0 | 52.00 | 159.00 | 211.00 | NOTE | |
r-oldrel-macos-arm64 | 0.1.0 | 81.00 | NOTE | |||
r-oldrel-macos-x86_64 | 0.1.0 | 63.00 | NOTE | |||
r-oldrel-windows-ix86+x86_64 | 0.1.0 | 33.00 | 150.00 | 183.00 | NOTE |
Version: 0.1.0
Check: LazyData
Result: NOTE
'LazyData' is specified without a 'data' directory
Flavors: r-devel-linux-x86_64-debian-clang, r-devel-linux-x86_64-debian-gcc, r-devel-linux-x86_64-fedora-clang, r-devel-linux-x86_64-fedora-gcc, r-devel-windows-x86_64, r-patched-linux-x86_64, r-release-linux-x86_64, r-release-macos-arm64, r-release-macos-x86_64, r-release-windows-x86_64, r-oldrel-macos-arm64, r-oldrel-macos-x86_64, r-oldrel-windows-ix86+x86_64
Version: 0.1.0
Check: dependencies in R code
Result: NOTE
Namespace in Imports field not imported from: ‘rmarkdown’
All declared Imports should be used.
Flavors: r-devel-linux-x86_64-fedora-clang, r-devel-linux-x86_64-fedora-gcc, r-release-macos-arm64, r-release-macos-x86_64, r-oldrel-macos-arm64, r-oldrel-macos-x86_64