CRAN Package Check Results for Package Relectoral

Last updated on 2022-06-28 21:51:30 CEST.

Flavor Version Tinstall Tcheck Ttotal Status Flags
r-devel-linux-x86_64-debian-clang 0.1.0 17.75 140.78 158.53 NOTE
r-devel-linux-x86_64-debian-gcc 0.1.0 12.07 102.43 114.50 NOTE
r-devel-linux-x86_64-fedora-clang 0.1.0 189.78 NOTE
r-devel-linux-x86_64-fedora-gcc 0.1.0 190.99 NOTE
r-devel-windows-x86_64 0.1.0 58.00 150.00 208.00 NOTE
r-patched-linux-x86_64 0.1.0 11.10 132.80 143.90 NOTE
r-release-linux-x86_64 0.1.0 13.59 132.86 146.45 NOTE
r-release-macos-arm64 0.1.0 54.00 NOTE
r-release-macos-x86_64 0.1.0 95.00 NOTE
r-release-windows-x86_64 0.1.0 58.00 146.00 204.00 NOTE
r-oldrel-macos-arm64 0.1.0 81.00 NOTE
r-oldrel-macos-x86_64 0.1.0 63.00 NOTE
r-oldrel-windows-ix86+x86_64 0.1.0 34.00 145.00 179.00 NOTE

Check Details

Version: 0.1.0
Check: LazyData
Result: NOTE
     'LazyData' is specified without a 'data' directory
Flavors: r-devel-linux-x86_64-debian-clang, r-devel-linux-x86_64-debian-gcc, r-devel-linux-x86_64-fedora-clang, r-devel-linux-x86_64-fedora-gcc, r-devel-windows-x86_64, r-patched-linux-x86_64, r-release-linux-x86_64, r-release-macos-arm64, r-release-macos-x86_64, r-release-windows-x86_64, r-oldrel-macos-arm64, r-oldrel-macos-x86_64, r-oldrel-windows-ix86+x86_64

Version: 0.1.0
Check: dependencies in R code
Result: NOTE
    Namespace in Imports field not imported from: ‘rmarkdown’
     All declared Imports should be used.
Flavors: r-devel-linux-x86_64-fedora-clang, r-devel-linux-x86_64-fedora-gcc, r-release-macos-arm64, r-release-macos-x86_64, r-oldrel-macos-arm64, r-oldrel-macos-x86_64