CRAN Package Check Results for Package ReinforcementLearning

Last updated on 2025-07-24 03:50:10 CEST.

Flavor Version Tinstall Tcheck Ttotal Status Flags
r-devel-linux-x86_64-debian-clang 1.0.5 6.41 47.06 53.47 OK
r-devel-linux-x86_64-debian-gcc 1.0.5 4.91 34.54 39.45 OK
r-devel-linux-x86_64-fedora-clang 1.0.5 80.76 NOTE
r-devel-linux-x86_64-fedora-gcc 1.0.5 90.00 NOTE
r-devel-windows-x86_64 1.0.5 8.00 62.00 70.00 OK
r-patched-linux-x86_64 1.0.5 6.46 43.53 49.99 OK
r-release-linux-x86_64 1.0.5 6.39 42.64 49.03 OK
r-release-macos-arm64 1.0.5 55.00 OK
r-release-macos-x86_64 1.0.5 65.00 OK
r-release-windows-x86_64 1.0.5 7.00 63.00 70.00 OK
r-oldrel-macos-arm64 1.0.5 39.00 OK
r-oldrel-macos-x86_64 1.0.5 56.00 OK
r-oldrel-windows-x86_64 1.0.5 11.00 76.00 87.00 OK

Check Details

Version: 1.0.5
Check: dependencies in R code
Result: NOTE Namespace in Imports field not imported from: ‘ggplot2’ All declared Imports should be used. Flavors: r-devel-linux-x86_64-fedora-clang, r-devel-linux-x86_64-fedora-gcc