Last updated on 2022-06-28 21:51:30 CEST.
Flavor | Version | Tinstall | Tcheck | Ttotal | Status | Flags |
---|---|---|---|---|---|---|
r-devel-linux-x86_64-debian-clang | 1.4.3.1 | 12.22 | 78.56 | 90.78 | NOTE | |
r-devel-linux-x86_64-debian-gcc | 1.4.3.1 | 9.64 | 59.21 | 68.85 | NOTE | |
r-devel-linux-x86_64-fedora-clang | 1.4.3.1 | 120.91 | NOTE | |||
r-devel-linux-x86_64-fedora-gcc | 1.4.3.1 | 119.25 | NOTE | |||
r-devel-windows-x86_64 | 1.4.3.1 | 37.00 | 155.00 | 192.00 | NOTE | |
r-patched-linux-x86_64 | 1.4.3.1 | 12.33 | 74.09 | 86.42 | NOTE | |
r-release-linux-x86_64 | 1.4.3.1 | 10.34 | 73.77 | 84.11 | NOTE | |
r-release-macos-arm64 | 1.4.3.1 | 45.00 | NOTE | |||
r-release-macos-x86_64 | 1.4.3.1 | 58.00 | NOTE | |||
r-release-windows-x86_64 | 1.4.3.1 | 38.00 | 127.00 | 165.00 | NOTE | |
r-oldrel-macos-arm64 | 1.4.3.1 | 60.00 | NOTE | |||
r-oldrel-macos-x86_64 | 1.4.3.1 | 83.00 | NOTE | |||
r-oldrel-windows-ix86+x86_64 | 1.4.3.1 | 23.00 | 126.00 | 149.00 | NOTE |
Version: 1.4.3.1
Check: LazyData
Result: NOTE
'LazyData' is specified without a 'data' directory
Flavors: r-devel-linux-x86_64-debian-clang, r-devel-linux-x86_64-debian-gcc, r-devel-linux-x86_64-fedora-clang, r-devel-linux-x86_64-fedora-gcc, r-devel-windows-x86_64, r-patched-linux-x86_64, r-release-linux-x86_64, r-release-macos-arm64, r-release-macos-x86_64, r-release-windows-x86_64, r-oldrel-macos-arm64, r-oldrel-macos-x86_64, r-oldrel-windows-ix86+x86_64