Last updated on 2024-04-19 21:56:38 CEST.
Flavor | Version | Tinstall | Tcheck | Ttotal | Status | Flags |
---|---|---|---|---|---|---|
r-devel-linux-x86_64-debian-clang | 1.0.0 | 2.44 | 39.12 | 41.56 | NOTE | |
r-devel-linux-x86_64-debian-gcc | 1.0.0 | NOTE | ||||
r-devel-linux-x86_64-fedora-clang | 1.0.0 | 53.91 | NOTE | |||
r-devel-linux-x86_64-fedora-gcc | 1.0.0 | 67.24 | NOTE | |||
r-prerel-macos-arm64 | 1.0.0 | 24.00 | NOTE | |||
r-prerel-windows-x86_64 | 1.0.0 | 3.00 | 64.00 | 67.00 | NOTE | |
r-patched-linux-x86_64 | 1.0.0 | 2.77 | 37.79 | 40.56 | NOTE | |
r-release-linux-x86_64 | 1.0.0 | 2.95 | 35.70 | 38.65 | OK | |
r-release-macos-arm64 | 1.0.0 | 26.00 | OK | |||
r-release-macos-x86_64 | 1.0.0 | 35.00 | OK | |||
r-release-windows-x86_64 | 1.0.0 | 4.00 | 58.00 | 62.00 | OK | |
r-oldrel-macos-arm64 | 1.0.0 | 21.00 | OK | |||
r-oldrel-windows-x86_64 | 1.0.0 | 5.00 | 63.00 | 68.00 | OK |
Version: 1.0.0
Check: Rd files
Result: NOTE
checkRd: (-1) oskar.Rd:14: Lost braces; missing escapes or markup?
14 | set of dice where A beats {B,C,E}; B beats {C,D,F}; C beats {D,E,G}; #' D beats {A,E,F}; E beats {B,F,G}; F beats {A,C,G}; G beats {A,B,D}. #' Consequently, for arbitrarily chosen two dice there is a third one
| ^
checkRd: (-1) oskar.Rd:14: Lost braces; missing escapes or markup?
14 | set of dice where A beats {B,C,E}; B beats {C,D,F}; C beats {D,E,G}; #' D beats {A,E,F}; E beats {B,F,G}; F beats {A,C,G}; G beats {A,B,D}. #' Consequently, for arbitrarily chosen two dice there is a third one
| ^
checkRd: (-1) oskar.Rd:14: Lost braces; missing escapes or markup?
14 | set of dice where A beats {B,C,E}; B beats {C,D,F}; C beats {D,E,G}; #' D beats {A,E,F}; E beats {B,F,G}; F beats {A,C,G}; G beats {A,B,D}. #' Consequently, for arbitrarily chosen two dice there is a third one
| ^
checkRd: (-1) oskar.Rd:14: Lost braces; missing escapes or markup?
14 | set of dice where A beats {B,C,E}; B beats {C,D,F}; C beats {D,E,G}; #' D beats {A,E,F}; E beats {B,F,G}; F beats {A,C,G}; G beats {A,B,D}. #' Consequently, for arbitrarily chosen two dice there is a third one
| ^
checkRd: (-1) oskar.Rd:14: Lost braces; missing escapes or markup?
14 | set of dice where A beats {B,C,E}; B beats {C,D,F}; C beats {D,E,G}; #' D beats {A,E,F}; E beats {B,F,G}; F beats {A,C,G}; G beats {A,B,D}. #' Consequently, for arbitrarily chosen two dice there is a third one
| ^
checkRd: (-1) oskar.Rd:14: Lost braces; missing escapes or markup?
14 | set of dice where A beats {B,C,E}; B beats {C,D,F}; C beats {D,E,G}; #' D beats {A,E,F}; E beats {B,F,G}; F beats {A,C,G}; G beats {A,B,D}. #' Consequently, for arbitrarily chosen two dice there is a third one
| ^
checkRd: (-1) oskar.Rd:14: Lost braces; missing escapes or markup?
14 | set of dice where A beats {B,C,E}; B beats {C,D,F}; C beats {D,E,G}; #' D beats {A,E,F}; E beats {B,F,G}; F beats {A,C,G}; G beats {A,B,D}. #' Consequently, for arbitrarily chosen two dice there is a third one
| ^
Flavors: r-devel-linux-x86_64-debian-clang, r-devel-linux-x86_64-debian-gcc, r-devel-linux-x86_64-fedora-clang, r-devel-linux-x86_64-fedora-gcc, r-prerel-macos-arm64, r-prerel-windows-x86_64, r-patched-linux-x86_64