CRAN Package Check Results for Package RcppZiggurat

Last updated on 2025-01-25 12:49:33 CET.

Flavor Version Tinstall Tcheck Ttotal Status Flags
r-devel-linux-x86_64-debian-clang 0.1.6 14.13 37.62 51.75 NOTE
r-devel-linux-x86_64-debian-gcc 0.1.6 9.91 29.90 39.81 NOTE
r-devel-linux-x86_64-fedora-clang 0.1.6 88.15 OK
r-devel-linux-x86_64-fedora-gcc 0.1.6 101.41 OK
r-devel-windows-x86_64 0.1.6 20.00 95.00 115.00 OK
r-patched-linux-x86_64 0.1.6 13.92 35.43 49.35 OK
r-release-linux-x86_64 0.1.6 14.15 35.46 49.61 OK
r-release-macos-arm64 0.1.6 38.00 OK
r-release-macos-x86_64 0.1.6 57.00 OK
r-release-windows-x86_64 0.1.6 20.00 104.00 124.00 OK
r-oldrel-macos-arm64 0.1.6 41.00 OK
r-oldrel-macos-x86_64 0.1.6 53.00 OK
r-oldrel-windows-x86_64 0.1.6 22.00 97.00 119.00 OK

Check Details

Version: 0.1.6
Check: for unstated dependencies in ‘demo’
Result: NOTE '::' or ':::' import not declared from: ‘ggplot2’ 'library' or 'require' call not declared from: ‘ggplot2’ Flavors: r-devel-linux-x86_64-debian-clang, r-devel-linux-x86_64-debian-gcc