CRAN Package Check Results for Package RcppTN

Last updated on 2025-04-30 12:49:13 CEST.

Flavor Version Tinstall Tcheck Ttotal Status Flags
r-devel-linux-x86_64-debian-clang 0.2-2 53.73 36.56 90.29 NOTE
r-devel-linux-x86_64-debian-gcc 0.2-2 33.49 27.30 60.79 NOTE
r-devel-linux-x86_64-fedora-clang 0.2-2 185.54 OK
r-devel-linux-x86_64-fedora-gcc 0.2-2 146.89 OK
r-devel-windows-x86_64 0.2-2 64.00 82.00 146.00 OK
r-patched-linux-x86_64 0.2-2 47.83 34.42 82.25 OK
r-release-linux-x86_64 0.2-2 48.43 34.06 82.49 OK
r-release-macos-arm64 0.2-2 42.00 OK
r-release-macos-x86_64 0.2-2 63.00 OK
r-release-windows-x86_64 0.2-2 61.00 86.00 147.00 OK
r-oldrel-macos-arm64 0.2-2 43.00 OK
r-oldrel-macos-x86_64 0.2-2 54.00 OK
r-oldrel-windows-x86_64 0.2-2 73.00 95.00 168.00 OK

Check Details

Version: 0.2-2
Check: CRAN incoming feasibility
Result: NOTE Maintainer: ‘Jonathan Olmsted <jpolmsted@gmail.com>’ Found the following URLs which should use \doi (with the DOI name only): File ‘rtn.Rd’: http://dx.doi.org/10.1007/BF00143942 Flavors: r-devel-linux-x86_64-debian-clang, r-devel-linux-x86_64-debian-gcc