Last updated on 2025-02-01 12:48:36 CET.
Flavor | Version | Tinstall | Tcheck | Ttotal | Status | Flags |
---|---|---|---|---|---|---|
r-devel-linux-x86_64-debian-clang | 0.1.4 | 50.54 | 21.68 | 72.22 | OK | |
r-devel-linux-x86_64-debian-gcc | 0.1.4 | 41.58 | 21.54 | 63.12 | OK | |
r-devel-linux-x86_64-fedora-clang | 0.1.4 | 150.21 | OK | |||
r-devel-linux-x86_64-fedora-gcc | 0.1.4 | 171.39 | OK | |||
r-devel-windows-x86_64 | 0.1.4 | 68.00 | 0.00 | 68.00 | FAIL | |
r-patched-linux-x86_64 | 0.1.4 | 59.90 | 26.04 | 85.94 | OK | |
r-release-linux-x86_64 | 0.1.3 | 57.92 | 25.99 | 83.91 | NOTE | |
r-release-macos-arm64 | 0.1.4 | 38.00 | OK | |||
r-release-macos-x86_64 | 0.1.4 | 50.00 | OK | |||
r-release-windows-x86_64 | 0.1.4 | 67.00 | 66.00 | 133.00 | OK | |
r-oldrel-macos-arm64 | 0.1.3 | 43.00 | NOTE | |||
r-oldrel-macos-x86_64 | 0.1.3 | 65.00 | NOTE | |||
r-oldrel-windows-x86_64 | 0.1.4 | 69.00 | 80.00 | 149.00 | OK |
Version: 0.1.4
Check: PDF version of manual
Result: FAIL
Check process probably crashed or hung up for 20 minutes ... killed
Most likely this happened in the example checks (?),
if not, ignore the following last lines of example output:
>
> flush(stderr()); flush(stdout())
>
> ### Name: slidingWindow
> ### Title: Sliding window function example
> ### Aliases: slidingWindow
>
> ### ** Examples
>
> ## Not run:
> ##D slidingWindow()
> ## End(Not run)
>
>
>
> ### * <FOOTER>
> ###
> cleanEx()
> options(digits = 7L)
> base::cat("Time elapsed: ", proc.time() - base::get("ptime", pos = 'CheckExEnv'),"\n")
Time elapsed: 0.5 0.01 0.51 NA NA
> grDevices::dev.off()
null device
1
> ###
> ### Local variables: ***
> ### mode: outline-minor ***
> ### outline-regexp: "\\(> \\)?### [*]+" ***
> ### End: ***
> quit('no')
======== End of example output (where/before crash/hang up occured ?) ========
Flavor: r-devel-windows-x86_64
Version: 0.1.3
Check: C++ specification
Result: NOTE
Specified C++11: please drop specification unless essential
Flavors: r-release-linux-x86_64, r-oldrel-macos-arm64, r-oldrel-macos-x86_64
Version: 0.1.3
Check: installed package size
Result: NOTE
installed size is 5.4Mb
sub-directories of 1Mb or more:
libs 4.6Mb
Flavor: r-oldrel-macos-arm64