Last updated on 2022-05-26 12:53:48 CEST.
Flavor | Version | Tinstall | Tcheck | Ttotal | Status | Flags |
---|---|---|---|---|---|---|
r-devel-linux-x86_64-debian-clang | 0.1.3 | 78.09 | 36.03 | 114.12 | OK | |
r-devel-linux-x86_64-debian-gcc | 0.1.3 | 69.07 | 33.32 | 102.39 | OK | |
r-devel-linux-x86_64-fedora-clang | 0.1.3 | 171.29 | OK | |||
r-devel-linux-x86_64-fedora-gcc | 0.1.3 | 161.36 | OK | |||
r-devel-windows-x86_64 | 0.1.3 | 150.00 | 80.00 | 230.00 | OK | |
r-patched-linux-x86_64 | 0.1.3 | 72.35 | 38.96 | 111.31 | OK | |
r-release-linux-x86_64 | 0.1.3 | OK | ||||
r-release-macos-arm64 | 0.1.3 | 41.00 | NOTE | |||
r-release-macos-x86_64 | 0.1.3 | 62.00 | NOTE | |||
r-release-windows-x86_64 | 0.1.3 | 162.00 | 80.00 | 242.00 | OK | |
r-oldrel-macos-arm64 | 0.1.3 | 45.00 | NOTE | |||
r-oldrel-macos-x86_64 | 0.1.3 | 74.00 | NOTE | |||
r-oldrel-windows-ix86+x86_64 | 0.1.3 | 217.00 | 107.00 | 324.00 | OK |
Version: 0.1.3
Check: installed package size
Result: NOTE
installed size is 5.3Mb
sub-directories of 1Mb or more:
libs 4.5Mb
Flavors: r-release-macos-arm64, r-release-macos-x86_64, r-oldrel-macos-arm64, r-oldrel-macos-x86_64