CRAN Package Check Results for Package RcppSpdlog

Last updated on 2023-01-30 12:55:28 CET.

Flavor Version Tinstall Tcheck Ttotal Status Flags
r-devel-linux-x86_64-debian-clang 0.0.12 70.64 31.34 101.98 OK
r-devel-linux-x86_64-debian-gcc 0.0.12 64.74 24.64 89.38 NOTE
r-devel-linux-x86_64-fedora-clang 0.0.12 133.58 NOTE
r-devel-linux-x86_64-fedora-gcc 0.0.12 159.86 NOTE
r-devel-windows-x86_64 0.0.12 182.00 105.00 287.00 NOTE
r-patched-linux-x86_64 0.0.12 72.10 31.05 103.15 OK
r-release-linux-x86_64 0.0.12 70.44 31.43 101.87 OK
r-release-macos-arm64 0.0.12 44.00 NOTE
r-release-macos-x86_64 0.0.12 57.00 NOTE
r-release-windows-x86_64 0.0.12 138.00 105.00 243.00 OK
r-oldrel-macos-arm64 0.0.12 46.00 NOTE
r-oldrel-macos-x86_64 0.0.12 59.00 NOTE
r-oldrel-windows-ix86+x86_64 0.0.12 181.00 107.00 288.00 OK

Check Details

Version: 0.0.12
Check: C++ specification
Result: NOTE
     Specified C++11: please update to current default of C++17
Flavors: r-devel-linux-x86_64-debian-gcc, r-devel-linux-x86_64-fedora-clang, r-devel-linux-x86_64-fedora-gcc, r-devel-windows-x86_64

Version: 0.0.12
Check: installed package size
Result: NOTE
     installed size is 6.8Mb
     sub-directories of 1Mb or more:
     include 1.1Mb
     libs 5.4Mb
Flavors: r-release-macos-arm64, r-release-macos-x86_64, r-oldrel-macos-arm64, r-oldrel-macos-x86_64