Last updated on 2025-02-22 21:51:31 CET.
Flavor | Version | Tinstall | Tcheck | Ttotal | Status | Flags |
---|---|---|---|---|---|---|
r-devel-linux-x86_64-debian-clang | 0.1.12 | 86.02 | 39.11 | 125.13 | NOTE | |
r-devel-linux-x86_64-debian-gcc | 0.1.12 | 72.51 | 30.00 | 102.51 | NOTE | |
r-devel-linux-x86_64-fedora-clang | 0.1.12 | 216.45 | WARN | |||
r-devel-linux-x86_64-fedora-gcc | 0.1.12 | 252.36 | OK | |||
r-devel-macos-arm64 | 0.1.12 | 49.00 | OK | |||
r-devel-macos-x86_64 | 0.1.12 | 87.00 | OK | |||
r-devel-windows-x86_64 | 0.1.12 | 80.00 | 92.00 | 172.00 | OK | |
r-patched-linux-x86_64 | 0.1.12 | 95.69 | 37.40 | 133.09 | OK | |
r-release-linux-x86_64 | 0.1.12 | 95.23 | 37.11 | 132.34 | OK | |
r-release-macos-arm64 | 0.1.12 | 58.00 | NOTE | |||
r-release-macos-x86_64 | 0.1.12 | 167.00 | NOTE | |||
r-release-windows-x86_64 | 0.1.12 | 81.00 | 115.00 | 196.00 | NOTE | |
r-oldrel-macos-arm64 | 0.1.12 | 71.00 | NOTE | |||
r-oldrel-macos-x86_64 | 0.1.12 | 141.00 | NOTE | |||
r-oldrel-windows-x86_64 | 0.1.12 | 83.00 | 101.00 | 184.00 | NOTE |
Version: 0.1.12
Check: for unstated dependencies in ‘demo’
Result: NOTE
'::' or ':::' imports not declared from:
‘RJSONIO’ ‘ggplot2’ ‘jsonify’ ‘jsonlite’ ‘microbenchmark’ ‘ndjson’
‘tinythemes’ ‘yyjsonr’
'library' or 'require' calls not declared from:
‘RJSONIO’ ‘ggplot2’ ‘jsonify’ ‘jsonlite’ ‘microbenchmark’ ‘ndjson’
‘yyjsonr’
Flavors: r-devel-linux-x86_64-debian-clang, r-devel-linux-x86_64-debian-gcc
Version: 0.1.12
Check: whether package can be installed
Result: WARN
Found the following significant warnings:
../inst/include/RcppSimdJson/deserialize/../../simdjson.h:3644:44: warning: identifier '_padded' preceded by whitespace in a literal operator declaration is deprecated [-Wdeprecated-literal-operator]
../inst/include/RcppSimdJson/deserialize/../../simdjson.h:4026:44: warning: identifier '_padded' preceded by whitespace in a literal operator declaration is deprecated [-Wdeprecated-literal-operator]
../inst/include/simdjson.h:3644:44: warning: identifier '_padded' preceded by whitespace in a literal operator declaration is deprecated [-Wdeprecated-literal-operator]
../inst/include/simdjson.h:4026:44: warning: identifier '_padded' preceded by whitespace in a literal operator declaration is deprecated [-Wdeprecated-literal-operator]
See ‘/data/gannet/ripley/R/packages/tests-clang/RcppSimdJson.Rcheck/00install.out’ for details.
* used C++ compiler: ‘clang version 20.1.0-rc2’
Flavor: r-devel-linux-x86_64-fedora-clang
Version: 0.1.12
Check: installed package size
Result: NOTE
installed size is 23.0Mb
sub-directories of 1Mb or more:
include 7.2Mb
jsonexamples 3.8Mb
libs 11.8Mb
Flavors: r-release-macos-arm64, r-release-macos-x86_64, r-release-windows-x86_64, r-oldrel-macos-arm64, r-oldrel-macos-x86_64, r-oldrel-windows-x86_64