CRAN Package Check Results for Package RcppSimdJson

Last updated on 2024-03-03 04:12:30 CET.

Flavor Version Tinstall Tcheck Ttotal Status Flags
r-devel-linux-x86_64-debian-clang 0.1.11 137.25 62.25 199.50 OK
r-devel-linux-x86_64-debian-gcc 0.1.11 119.01 37.69 156.70 OK
r-devel-linux-x86_64-fedora-clang 0.1.11 245.78 NOTE
r-devel-linux-x86_64-fedora-gcc 0.1.11 280.81 OK
r-devel-windows-x86_64 0.1.11 100.00 91.00 191.00 NOTE
r-patched-linux-x86_64 0.1.11 142.69 47.66 190.35 OK
r-release-linux-x86_64 0.1.11 148.65 47.45 196.10 OK
r-release-macos-arm64 0.1.11 62.00 NOTE
r-release-macos-x86_64 0.1.11 131.00 NOTE
r-release-windows-x86_64 0.1.11 107.00 100.00 207.00 NOTE
r-oldrel-macos-arm64 0.1.11 62.00 NOTE
r-oldrel-windows-x86_64 0.1.11 118.00 98.00 216.00 NOTE

Check Details

Version: 0.1.11
Check: installed package size
Result: NOTE installed size is 7.8Mb sub-directories of 1Mb or more: include 2.0Mb jsonexamples 3.8Mb libs 1.7Mb Flavors: r-devel-linux-x86_64-fedora-clang, r-devel-windows-x86_64, r-release-macos-arm64, r-release-macos-x86_64, r-release-windows-x86_64, r-oldrel-macos-arm64, r-oldrel-windows-x86_64