Last updated on 2022-05-28 21:50:49 CEST.
Flavor | Version | Tinstall | Tcheck | Ttotal | Status | Flags |
---|---|---|---|---|---|---|
r-devel-linux-x86_64-debian-clang | 0.1.0 | 161.21 | 40.56 | 201.77 | OK | |
r-devel-linux-x86_64-debian-gcc | 0.1.0 | 135.95 | 29.54 | 165.49 | OK | |
r-devel-linux-x86_64-fedora-clang | 0.1.0 | 331.68 | NOTE | |||
r-devel-linux-x86_64-fedora-gcc | 0.1.0 | 261.10 | OK | |||
r-devel-windows-x86_64 | 0.1.0 | 232.00 | 93.00 | 325.00 | OK | |
r-patched-linux-x86_64 | 0.1.0 | 142.39 | 37.23 | 179.62 | OK | |
r-release-linux-x86_64 | 0.1.0 | 141.70 | 37.23 | 178.93 | OK | |
r-release-macos-arm64 | 0.1.0 | 71.00 | NOTE | |||
r-release-macos-x86_64 | 0.1.0 | 98.00 | NOTE | |||
r-release-windows-x86_64 | 0.1.0 | 235.00 | 94.00 | 329.00 | OK | |
r-oldrel-macos-arm64 | 0.1.0 | 72.00 | NOTE | |||
r-oldrel-macos-x86_64 | 0.1.0 | 104.00 | NOTE | |||
r-oldrel-windows-ix86+x86_64 | 0.1.0 | 427.00 | 110.00 | 537.00 | OK |
Version: 0.1.0
Check: installed package size
Result: NOTE
installed size is 7.4Mb
sub-directories of 1Mb or more:
libs 7.2Mb
Flavors: r-devel-linux-x86_64-fedora-clang, r-release-macos-arm64, r-release-macos-x86_64, r-oldrel-macos-arm64, r-oldrel-macos-x86_64