Last updated on 2025-11-25 03:50:29 CET.
| Flavor | Version | Tinstall | Tcheck | Ttotal | Status | Flags |
|---|---|---|---|---|---|---|
| r-devel-linux-x86_64-debian-clang | 0.1.2 | 156.64 | 28.26 | 184.90 | NOTE | |
| r-devel-linux-x86_64-debian-gcc | 0.1.2 | 97.36 | 22.78 | 120.14 | NOTE | |
| r-devel-linux-x86_64-fedora-clang | 0.1.3 | 374.00 | 32.10 | 406.10 | OK | |
| r-devel-linux-x86_64-fedora-gcc | 0.1.3 | 50.00 | 274.62 | 324.62 | OK | |
| r-devel-windows-x86_64 | 0.1.2 | 237.00 | 81.00 | 318.00 | OK | |
| r-patched-linux-x86_64 | 0.1.2 | 153.25 | 25.26 | 178.51 | OK | |
| r-release-linux-x86_64 | 0.1.2 | 151.81 | 25.40 | 177.21 | OK | |
| r-release-macos-arm64 | 0.1.3 | 7.00 | 11.00 | 18.00 | OK | |
| r-release-macos-x86_64 | 0.1.3 | 125.00 | 63.00 | 188.00 | OK | |
| r-release-windows-x86_64 | 0.1.2 | 207.00 | 96.00 | 303.00 | OK | |
| r-oldrel-macos-arm64 | 0.1.3 | 9.00 | 16.00 | 25.00 | NOTE | |
| r-oldrel-macos-x86_64 | 0.1.3 | 116.00 | 69.00 | 185.00 | NOTE | |
| r-oldrel-windows-x86_64 | 0.1.2 | 192.00 | 106.00 | 298.00 | OK |
Version: 0.1.2
Check: CRAN incoming feasibility
Result: NOTE
Maintainer: ‘Dirk Eddelbuettel <edd@debian.org>’
No Authors@R field in DESCRIPTION.
Please add one, modifying
Authors@R: c(person(given = c("Dirk", "Eddelbuettel;", "the"),
family = "authors",
role = "aut"),
person(given = c("contributors", "of"),
family = "QuantLib",
role = "aut"),
person(given = "Dirk",
family = "Eddelbuettel",
role = "cre",
email = "edd@debian.org"))
as necessary.
Flavors: r-devel-linux-x86_64-debian-clang, r-devel-linux-x86_64-debian-gcc
Version: 0.1.3
Check: installed package size
Result: NOTE
installed size is 8.1Mb
sub-directories of 1Mb or more:
libs 8.0Mb
Flavors: r-oldrel-macos-arm64, r-oldrel-macos-x86_64