Last updated on 2024-03-29 06:56:37 CET.
Flavor | Version | Tinstall | Tcheck | Ttotal | Status | Flags |
---|---|---|---|---|---|---|
r-devel-linux-x86_64-debian-clang | 0.0.1.2 | 50.60 | 28.25 | 78.85 | NOTE | |
r-devel-linux-x86_64-debian-gcc | 0.0.1.2 | 41.48 | 22.21 | 63.69 | NOTE | |
r-devel-linux-x86_64-fedora-clang | 0.0.1.2 | 107.54 | NOTE | |||
r-devel-linux-x86_64-fedora-gcc | 0.0.1.2 | 112.53 | NOTE | |||
r-devel-windows-x86_64 | 0.0.1.2 | 51.00 | 91.00 | 142.00 | NOTE | |
r-patched-linux-x86_64 | 0.0.1.2 | 52.77 | 27.85 | 80.62 | NOTE | |
r-release-linux-x86_64 | 0.0.1.2 | 53.31 | 27.83 | 81.14 | NOTE | |
r-release-macos-arm64 | 0.0.1.2 | 22.00 | ERROR | |||
r-release-macos-x86_64 | 0.0.1.2 | 24.00 | ERROR | |||
r-release-windows-x86_64 | 0.0.1.2 | 45.00 | 91.00 | 136.00 | NOTE | |
r-oldrel-macos-arm64 | 0.0.1.2 | 24.00 | ERROR | |||
r-oldrel-windows-x86_64 | 0.0.1.2 | 58.00 | 85.00 | 143.00 | NOTE |
Version: 0.0.1.2
Check: C++ specification
Result: NOTE
Specified C++11: please drop specification unless essential
Flavors: r-devel-linux-x86_64-debian-clang, r-devel-linux-x86_64-debian-gcc, r-devel-linux-x86_64-fedora-clang, r-devel-linux-x86_64-fedora-gcc, r-devel-windows-x86_64, r-patched-linux-x86_64, r-release-linux-x86_64, r-release-windows-x86_64
Version: 0.0.1.2
Check: LazyData
Result: NOTE
'LazyData' is specified without a 'data' directory
Flavors: r-devel-linux-x86_64-debian-clang, r-devel-linux-x86_64-debian-gcc, r-devel-linux-x86_64-fedora-clang, r-devel-linux-x86_64-fedora-gcc, r-devel-windows-x86_64, r-patched-linux-x86_64, r-release-linux-x86_64, r-release-windows-x86_64, r-oldrel-windows-x86_64
Version: 0.0.1.2
Check: for GNU extensions in Makefiles
Result: NOTE
GNU make is a SystemRequirements.
Flavors: r-devel-linux-x86_64-debian-clang, r-devel-linux-x86_64-debian-gcc, r-devel-linux-x86_64-fedora-clang, r-devel-linux-x86_64-fedora-gcc, r-devel-windows-x86_64, r-patched-linux-x86_64, r-release-linux-x86_64, r-release-windows-x86_64, r-oldrel-windows-x86_64
Version: 0.0.1.2
Check: whether package can be installed
Result: ERROR
Installation failed.
Flavors: r-release-macos-arm64, r-release-macos-x86_64, r-oldrel-macos-arm64