Last updated on 2023-03-21 12:50:46 CET.
Flavor | Version | Tinstall | Tcheck | Ttotal | Status | Flags |
---|---|---|---|---|---|---|
r-devel-linux-x86_64-debian-clang | 0.2 | 18.96 | 34.54 | 53.50 | NOTE | |
r-devel-linux-x86_64-debian-gcc | 0.2 | 12.08 | 27.40 | 39.48 | NOTE | |
r-devel-linux-x86_64-fedora-clang | 0.2 | 75.65 | NOTE | |||
r-devel-linux-x86_64-fedora-gcc | 0.2 | 79.72 | NOTE | |||
r-devel-windows-x86_64 | 0.2 | 25.00 | 84.00 | 109.00 | NOTE | |
r-patched-linux-x86_64 | 0.2 | 18.26 | 35.00 | 53.26 | OK | |
r-release-linux-x86_64 | 0.2 | 18.17 | 34.84 | 53.01 | OK | |
r-release-macos-arm64 | 0.2 | 25.00 | OK | |||
r-release-macos-x86_64 | 0.2 | 36.00 | OK | |||
r-release-windows-x86_64 | 0.2 | 37.00 | 93.00 | 130.00 | OK | |
r-oldrel-macos-arm64 | 0.2 | 21.00 | OK | |||
r-oldrel-macos-x86_64 | 0.2 | 32.00 | OK | |||
r-oldrel-windows-ix86+x86_64 | 0.2 | 49.00 | 94.00 | 143.00 | OK |
Version: 0.2
Check: C++ specification
Result: NOTE
Specified C++11: please drop specification unless essential
Flavors: r-devel-linux-x86_64-debian-clang, r-devel-linux-x86_64-debian-gcc, r-devel-linux-x86_64-fedora-clang, r-devel-linux-x86_64-fedora-gcc, r-devel-windows-x86_64