Last updated on 2024-04-18 03:52:06 CEST.
Flavor | Version | Tinstall | Tcheck | Ttotal | Status | Flags |
---|---|---|---|---|---|---|
r-devel-linux-x86_64-debian-clang | 0.1.3 | 58.60 | 28.85 | 87.45 | OK | |
r-devel-linux-x86_64-debian-gcc | 0.1.3 | 36.87 | 22.31 | 59.18 | OK | |
r-devel-linux-x86_64-fedora-clang | 0.1.3 | 124.80 | NOTE | |||
r-devel-linux-x86_64-fedora-gcc | 0.1.3 | 113.50 | OK | |||
r-prerel-macos-arm64 | 0.1.3 | 30.00 | OK | |||
r-prerel-windows-x86_64 | 0.1.3 | 43.00 | 79.00 | 122.00 | OK | |
r-patched-linux-x86_64 | 0.1.3 | 51.75 | 28.14 | 79.89 | OK | |
r-release-linux-x86_64 | 0.1.3 | 51.67 | 27.74 | 79.41 | OK | |
r-release-macos-arm64 | 0.1.3 | 35.00 | OK | |||
r-release-macos-x86_64 | 0.1.3 | 47.00 | OK | |||
r-release-windows-x86_64 | 0.1.3 | 54.00 | 91.00 | 145.00 | OK | |
r-oldrel-macos-arm64 | 0.1.3 | 34.00 | OK | |||
r-oldrel-windows-x86_64 | 0.1.3 | 50.00 | 87.00 | 137.00 | OK |
Version: 0.1.3
Check: Rd cross-references
Result: NOTE
Undeclared package ‘RcppExamples’ in Rd xrefs
Flavor: r-devel-linux-x86_64-fedora-clang