CRAN Package Check Results for Package RcppCensSpatial

Last updated on 2022-01-25 11:51:20 CET.

Flavor Version Tinstall Tcheck Ttotal Status Flags
r-devel-linux-x86_64-debian-clang 0.1.0 71.48 79.56 151.04 OK
r-devel-linux-x86_64-debian-gcc 0.1.0 57.22 67.93 125.15 OK
r-devel-linux-x86_64-fedora-clang 0.1.0 198.50 NOTE
r-devel-linux-x86_64-fedora-gcc 0.1.0 187.81 OK
r-devel-windows-x86_64-new-UL 0.1.0 103.00 127.00 230.00 OK
r-devel-windows-x86_64-new-TK 0.1.0 OK
r-patched-linux-x86_64 0.1.0 65.43 71.70 137.13 OK
r-release-linux-x86_64 0.1.0 61.62 74.65 136.27 OK
r-release-macos-arm64 0.1.0 NOTE
r-release-macos-x86_64 0.1.0 NOTE
r-release-windows-ix86+x86_64 0.1.0 163.00 130.00 293.00 OK
r-oldrel-macos-x86_64 0.1.0 NOTE
r-oldrel-windows-ix86+x86_64 0.1.0 164.00 135.00 299.00 OK

Check Details

Version: 0.1.0
Check: installed package size
Result: NOTE
     installed size is 7.6Mb
     sub-directories of 1Mb or more:
     libs 7.4Mb
Flavors: r-devel-linux-x86_64-fedora-clang, r-release-macos-arm64, r-release-macos-x86_64, r-oldrel-macos-x86_64