Last updated on 2022-05-26 21:50:15 CEST.
Flavor | Version | Tinstall | Tcheck | Ttotal | Status | Flags |
---|---|---|---|---|---|---|
r-devel-linux-x86_64-debian-clang | 0.2.5 | 112.33 | 98.41 | 210.74 | OK | |
r-devel-linux-x86_64-debian-gcc | 0.2.5 | 96.25 | 81.61 | 177.86 | OK | |
r-devel-linux-x86_64-fedora-clang | 0.2.5 | 285.23 | NOTE | |||
r-devel-linux-x86_64-fedora-gcc | 0.2.5 | 275.12 | OK | |||
r-devel-windows-x86_64 | 0.2.5 | 106.00 | 134.00 | 240.00 | OK | |
r-patched-linux-x86_64 | 0.2.5 | 103.86 | 92.41 | 196.27 | OK | |
r-release-linux-x86_64 | 0.2.5 | 106.25 | 92.72 | 198.97 | OK | |
r-release-macos-arm64 | 0.2.5 | 64.00 | NOTE | |||
r-release-macos-x86_64 | 0.2.5 | 85.00 | NOTE | |||
r-release-windows-x86_64 | 0.2.5 | 130.00 | 134.00 | 264.00 | OK | |
r-oldrel-macos-arm64 | 0.2.5 | 62.00 | NOTE | |||
r-oldrel-macos-x86_64 | 0.2.5 | 78.00 | NOTE | |||
r-oldrel-windows-ix86+x86_64 | 0.2.5 | 280.00 | 165.00 | 445.00 | OK |
Version: 0.2.5
Check: installed package size
Result: NOTE
installed size is 7.0Mb
sub-directories of 1Mb or more:
libs 6.7Mb
Flavors: r-devel-linux-x86_64-fedora-clang, r-release-macos-arm64, r-release-macos-x86_64, r-oldrel-macos-arm64, r-oldrel-macos-x86_64