Last updated on 2024-04-20 03:53:17 CEST.
Flavor | Version | Tinstall | Tcheck | Ttotal | Status | Flags |
---|---|---|---|---|---|---|
r-devel-linux-x86_64-debian-clang | 0.3-6 | 2.18 | 27.14 | 29.32 | OK | --install=fake --no-examples --no-tests --no-vignettes |
r-devel-linux-x86_64-debian-gcc | 0.3-6 | OK | --install=fake --no-examples --no-tests --no-vignettes | |||
r-prerel-macos-arm64 | 0.3-6 | 6.00 | ERROR | |||
r-prerel-macos-x86_64 | 0.3-6 | 11.00 | ERROR | |||
r-prerel-windows-x86_64 | 0.3-6 | 9.00 | 6.00 | 15.00 | ERROR | |
r-patched-linux-x86_64 | 0.3-6 | 2.83 | 26.97 | 29.80 | OK | --install=fake --no-examples --no-tests --no-vignettes |
r-release-linux-x86_64 | 0.3-6 | 2.14 | 26.44 | 28.58 | OK | --install=fake --no-examples --no-tests --no-vignettes |
r-release-macos-arm64 | 0.3-6 | 12.00 | ERROR | |||
r-release-macos-x86_64 | 0.3-6 | 10.00 | ERROR | |||
r-release-windows-x86_64 | 0.3-5 | 3.00 | 7.00 | 10.00 | ERROR | |
r-oldrel-macos-arm64 | 0.3-6 | 10.00 | ERROR | |||
r-oldrel-windows-x86_64 | 0.3-3 | 1.00 | 30.00 | 31.00 | ERROR |
Version: 0.3-6
Check: whether package can be installed
Result: ERROR
Installation failed.
Flavors: r-prerel-macos-arm64, r-prerel-macos-x86_64, r-prerel-windows-x86_64, r-release-macos-arm64, r-release-macos-x86_64, r-oldrel-macos-arm64
Version: 0.3-5
Check: whether package can be installed
Result: ERROR
Installation failed.
Flavor: r-release-windows-x86_64
Version: 0.3-3
Check: whether package can be installed
Result: ERROR
Installation failed.
Flavor: r-oldrel-windows-x86_64