Last updated on 2022-08-13 21:52:57 CEST.
Flavor | Version | Tinstall | Tcheck | Ttotal | Status | Flags |
---|---|---|---|---|---|---|
r-devel-linux-x86_64-debian-clang | 0.7.10 | 28.30 | 192.65 | 220.95 | NOTE | |
r-devel-linux-x86_64-debian-gcc | 0.7.10 | 21.65 | 140.09 | 161.74 | NOTE | |
r-devel-linux-x86_64-fedora-clang | 0.7.10 | 287.77 | NOTE | |||
r-devel-linux-x86_64-fedora-gcc | 0.7.10 | 293.41 | NOTE | |||
r-devel-windows-x86_64 | 0.7.10 | 105.00 | 223.00 | 328.00 | NOTE | |
r-patched-linux-x86_64 | 0.7.10 | 43.64 | 214.30 | 257.94 | NOTE | |
r-release-linux-x86_64 | 0.7.10 | 34.29 | 212.23 | 246.52 | NOTE | |
r-release-macos-arm64 | 0.7.10 | 127.00 | NOTE | |||
r-release-macos-x86_64 | 0.7.10 | 307.00 | NOTE | |||
r-release-windows-x86_64 | 0.7.10 | 132.00 | 226.00 | 358.00 | NOTE | |
r-oldrel-macos-arm64 | 0.7.10 | 146.00 | NOTE | |||
r-oldrel-macos-x86_64 | 0.7.10 | 191.00 | NOTE | |||
r-oldrel-windows-ix86+x86_64 | 0.7.10 | 54.00 | 199.00 | 253.00 | NOTE |
Version: 0.7.10
Check: package dependencies
Result: NOTE
Package suggested but not available for checking: 'ROpenOffice'
Flavors: r-devel-linux-x86_64-debian-clang, r-devel-linux-x86_64-debian-gcc, r-devel-linux-x86_64-fedora-clang, r-devel-linux-x86_64-fedora-gcc, r-devel-windows-x86_64, r-patched-linux-x86_64, r-release-linux-x86_64, r-release-macos-arm64, r-release-macos-x86_64, r-release-windows-x86_64, r-oldrel-macos-x86_64, r-oldrel-windows-ix86+x86_64
Version: 0.7.10
Check: package dependencies
Result: NOTE
Packages suggested but not available for checking: 'ROpenOffice', 'RODBC'
Flavor: r-oldrel-macos-arm64