CRAN Package Check Results for Package RcmdrPlugin.sutteForecastR

Last updated on 2022-01-25 11:51:20 CET.

Flavor Version Tinstall Tcheck Ttotal Status Flags
r-devel-linux-x86_64-debian-clang 1.0.0 18.30 160.34 178.64 OK
r-devel-linux-x86_64-debian-gcc 1.0.0 16.11 132.42 148.53 OK
r-devel-linux-x86_64-fedora-clang 1.0.0 200.27 OK
r-devel-linux-x86_64-fedora-gcc 1.0.0 206.84 OK
r-devel-windows-x86_64-new-UL 1.0.0 55.00 165.00 220.00 OK
r-devel-windows-x86_64-new-TK 1.0.0 ERROR
r-patched-linux-x86_64 1.0.0 15.19 136.83 152.02 OK
r-release-linux-x86_64 1.0.0 14.83 135.23 150.06 OK
r-release-macos-arm64 1.0.0 OK
r-release-macos-x86_64 1.0.0 OK
r-release-windows-ix86+x86_64 1.0.0 39.00 157.00 196.00 OK
r-oldrel-macos-x86_64 1.0.0 OK
r-oldrel-windows-ix86+x86_64 1.0.0 41.00 159.00 200.00 OK

Check Details

Version: 1.0.0
Check: package dependencies
Result: ERROR
    Package required but not available: 'Rcmdr'
    
    See section 'The DESCRIPTION file' in the 'Writing R Extensions'
    manual.
Flavor: r-devel-windows-x86_64-new-TK