Last updated on 2024-03-29 06:56:37 CET.
Flavor | Version | Tinstall | Tcheck | Ttotal | Status | Flags |
---|---|---|---|---|---|---|
r-devel-linux-x86_64-debian-clang | 5.1-1 | 24.10 | 195.16 | 219.26 | NOTE | |
r-devel-linux-x86_64-debian-gcc | 5.1-1 | 18.79 | 147.15 | 165.94 | NOTE | |
r-devel-linux-x86_64-fedora-clang | 5.1-1 | 286.77 | NOTE | |||
r-devel-linux-x86_64-fedora-gcc | 5.1-1 | 308.11 | NOTE | |||
r-devel-windows-x86_64 | 5.1-1 | 27.00 | 256.00 | 283.00 | NOTE | |
r-patched-linux-x86_64 | 5.1-1 | 21.38 | 193.22 | 214.60 | NOTE | |
r-release-linux-x86_64 | 5.1-1 | 19.91 | 170.52 | 190.43 | NOTE | |
r-release-macos-arm64 | 5.1-1 | 88.00 | NOTE | |||
r-release-macos-x86_64 | 5.1-1 | 138.00 | NOTE | |||
r-release-windows-x86_64 | 5.1-1 | 25.00 | 209.00 | 234.00 | NOTE | |
r-oldrel-macos-arm64 | 5.1-1 | 81.00 | NOTE | |||
r-oldrel-windows-x86_64 | 5.1-1 | 25.00 | 189.00 | 214.00 | NOTE |
Version: 5.1-1
Check: package dependencies
Result: NOTE
Depends: includes the non-default packages:
'IQCC', 'qcc', 'qicharts2', 'randtests', 'rmarkdown',
'TeachingDemos', 'tseries'
Adding so many packages to the search path is excessive and importing
selectively is preferable.
Flavors: r-devel-linux-x86_64-debian-clang, r-devel-linux-x86_64-debian-gcc, r-devel-linux-x86_64-fedora-clang, r-devel-linux-x86_64-fedora-gcc, r-devel-windows-x86_64, r-patched-linux-x86_64, r-release-linux-x86_64, r-release-macos-arm64, r-release-macos-x86_64, r-release-windows-x86_64, r-oldrel-macos-arm64, r-oldrel-windows-x86_64