Last updated on 2024-03-29 12:54:15 CET.
Flavor | Version | Tinstall | Tcheck | Ttotal | Status | Flags |
---|---|---|---|---|---|---|
r-devel-linux-x86_64-debian-clang | 0.0-2 | 25.70 | 177.04 | 202.74 | NOTE | |
r-devel-linux-x86_64-debian-gcc | 0.0-2 | 20.52 | 129.17 | 149.69 | NOTE | |
r-devel-linux-x86_64-fedora-clang | 0.0-2 | 265.10 | NOTE | |||
r-devel-linux-x86_64-fedora-gcc | 0.0-2 | 244.42 | NOTE | |||
r-devel-windows-x86_64 | 0.0-2 | 28.00 | 245.00 | 273.00 | NOTE | |
r-patched-linux-x86_64 | 0.0-2 | 25.45 | 171.37 | 196.82 | NOTE | |
r-release-linux-x86_64 | 0.0-2 | 20.24 | 153.99 | 174.23 | NOTE | |
r-release-macos-arm64 | 0.0-2 | 68.00 | NOTE | |||
r-release-macos-x86_64 | 0.0-2 | 117.00 | NOTE | |||
r-release-windows-x86_64 | 0.0-2 | 28.00 | 194.00 | 222.00 | NOTE | |
r-oldrel-macos-arm64 | 0.0-2 | 84.00 | OK | |||
r-oldrel-windows-x86_64 | 0.0-2 | 26.00 | 175.00 | 201.00 | OK |
Version: 0.0-2
Check: Rd files
Result: NOTE
checkRd: (-1) RcmdrPlugin.MA-package.Rd:21: Escaped LaTeX specials: \&
checkRd: (-1) RcmdrPlugin.MA-package.Rd:23: Escaped LaTeX specials: \&
Flavors: r-devel-linux-x86_64-debian-clang, r-devel-linux-x86_64-debian-gcc, r-devel-linux-x86_64-fedora-clang, r-devel-linux-x86_64-fedora-gcc, r-devel-windows-x86_64, r-patched-linux-x86_64, r-release-linux-x86_64, r-release-macos-arm64, r-release-macos-x86_64, r-release-windows-x86_64