Last updated on 2024-03-28 12:50:44 CET.
Flavor | Version | Tinstall | Tcheck | Ttotal | Status | Flags |
---|---|---|---|---|---|---|
r-devel-linux-x86_64-debian-clang | 0.12-5 | 45.87 | 250.12 | 295.99 | OK | |
r-devel-linux-x86_64-debian-gcc | 0.12-5 | 34.71 | 184.05 | 218.76 | OK | |
r-devel-linux-x86_64-fedora-clang | 0.12-5 | 372.64 | NOTE | |||
r-devel-linux-x86_64-fedora-gcc | 0.12-5 | 386.17 | OK | |||
r-devel-windows-x86_64 | 0.12-5 | 40.00 | 221.00 | 261.00 | OK | |
r-patched-linux-x86_64 | 0.12-5 | 53.44 | 242.66 | 296.10 | OK | |
r-release-linux-x86_64 | 0.12-5 | 31.41 | 222.95 | 254.36 | OK | |
r-release-macos-arm64 | 0.12-5 | 70.00 | OK | |||
r-release-macos-x86_64 | 0.12-5 | 133.00 | OK | |||
r-release-windows-x86_64 | 0.12-5 | 42.00 | 230.00 | 272.00 | OK | |
r-oldrel-macos-arm64 | 0.12-5 | 113.00 | OK | |||
r-oldrel-windows-x86_64 | 0.12-5 | 39.00 | 208.00 | 247.00 | OK |
Version: 0.12-5
Check: Rd cross-references
Result: NOTE
Undeclared packages ‘BsMD’, ‘rsm’, ‘AlgDesign’, ‘lhs’ in Rd xrefs
Flavor: r-devel-linux-x86_64-fedora-clang