Last updated on 2023-01-30 04:52:31 CET.
Flavor | Version | Tinstall | Tcheck | Ttotal | Status | Flags |
---|---|---|---|---|---|---|
r-devel-linux-x86_64-debian-clang | 2.8-0 | 43.28 | 268.26 | 311.54 | OK | |
r-devel-linux-x86_64-debian-gcc | 2.8-0 | 32.12 | 188.79 | 220.91 | OK | |
r-devel-linux-x86_64-fedora-clang | 2.8-0 | 396.25 | NOTE | |||
r-devel-linux-x86_64-fedora-gcc | 2.8-0 | 394.27 | OK | |||
r-devel-windows-x86_64 | 2.8-0 | 117.00 | 371.00 | 488.00 | NOTE | |
r-patched-linux-x86_64 | 2.8-0 | 52.33 | 274.26 | 326.59 | OK | |
r-release-linux-x86_64 | 2.8-0 | 51.98 | 270.01 | 321.99 | OK | |
r-release-macos-arm64 | 2.8-0 | 83.00 | NOTE | |||
r-release-macos-x86_64 | 2.8-0 | 221.00 | NOTE | |||
r-release-windows-x86_64 | 2.8-0 | 117.00 | 309.00 | 426.00 | NOTE | |
r-oldrel-macos-arm64 | 2.8-0 | 72.00 | NOTE | |||
r-oldrel-macos-x86_64 | 2.8-0 | 210.00 | NOTE | |||
r-oldrel-windows-ix86+x86_64 | 2.8-0 | 77.00 | 269.00 | 346.00 | NOTE |
Version: 2.8-0
Check: installed package size
Result: NOTE
installed size is 7.7Mb
sub-directories of 1Mb or more:
R 1.2Mb
doc 3.3Mb
po 2.5Mb
Flavors: r-devel-linux-x86_64-fedora-clang, r-devel-windows-x86_64, r-release-macos-arm64, r-release-macos-x86_64, r-release-windows-x86_64, r-oldrel-macos-arm64, r-oldrel-macos-x86_64, r-oldrel-windows-ix86+x86_64