Last updated on 2023-09-29 12:57:07 CEST.
Flavor | Version | Tinstall | Tcheck | Ttotal | Status | Flags |
---|---|---|---|---|---|---|
r-devel-linux-x86_64-debian-clang | 2.9-0 | 46.18 | 285.30 | 331.48 | OK | |
r-devel-linux-x86_64-debian-gcc | 2.9-0 | 34.57 | 206.62 | 241.19 | OK | |
r-devel-linux-x86_64-fedora-clang | 2.9-1 | 429.34 | NOTE | |||
r-devel-linux-x86_64-fedora-gcc | 2.9-1 | 435.06 | OK | |||
r-devel-windows-x86_64 | 2.9-1 | 44.00 | 226.00 | 270.00 | NOTE | |
r-patched-linux-x86_64 | 2.9-0 | 47.54 | 274.46 | 322.00 | OK | |
r-release-linux-x86_64 | 2.9-0 | 46.26 | 276.22 | 322.48 | OK | |
r-release-macos-arm64 | 2.9-1 | 99.00 | NOTE | |||
r-release-macos-x86_64 | 2.9-1 | 186.00 | NOTE | |||
r-release-windows-x86_64 | 2.9-0 | 48.00 | 263.00 | 311.00 | NOTE | |
r-oldrel-macos-arm64 | 2.9-1 | 173.00 | NOTE | |||
r-oldrel-macos-x86_64 | 2.9-0 | 255.00 | NOTE | |||
r-oldrel-windows-x86_64 | 2.9-1 | 49.00 | 268.00 | 317.00 | NOTE |
Version: 2.9-1
Check: installed package size
Result: NOTE
installed size is 9.0Mb
sub-directories of 1Mb or more:
R 1.2Mb
doc 4.5Mb
po 2.5Mb
Flavors: r-devel-linux-x86_64-fedora-clang, r-devel-windows-x86_64, r-release-macos-arm64, r-release-macos-x86_64, r-oldrel-macos-arm64, r-oldrel-windows-x86_64
Version: 2.9-0
Check: installed package size
Result: NOTE
installed size is 8.8Mb
sub-directories of 1Mb or more:
R 1.2Mb
doc 4.5Mb
po 2.4Mb
Flavors: r-release-windows-x86_64, r-oldrel-macos-x86_64