Last updated on 2024-04-19 06:03:31 CEST.
Flavor | Version | Tinstall | Tcheck | Ttotal | Status | Flags |
---|---|---|---|---|---|---|
r-devel-linux-x86_64-debian-clang | 0.91.6 | 31.94 | 208.42 | 240.36 | OK | |
r-devel-linux-x86_64-debian-gcc | 0.91.6 | OK | ||||
r-devel-linux-x86_64-fedora-clang | 0.91.6 | 305.07 | NOTE | |||
r-devel-linux-x86_64-fedora-gcc | 0.91.6 | 298.06 | OK | |||
r-prerel-macos-arm64 | 0.91.6 | 132.00 | OK | |||
r-prerel-macos-x86_64 | 0.91.6 | 100.00 | OK | |||
r-prerel-windows-x86_64 | 0.91.6 | 24.00 | 244.00 | 268.00 | OK | |
r-patched-linux-x86_64 | 0.91.6 | 27.71 | 201.84 | 229.55 | OK | |
r-release-linux-x86_64 | 0.91.6 | 19.13 | 180.06 | 199.19 | OK | |
r-release-macos-arm64 | 0.91.6 | 81.00 | OK | |||
r-release-macos-x86_64 | 0.91.6 | 104.00 | OK | |||
r-release-windows-x86_64 | 0.91.6 | 28.00 | 220.00 | 248.00 | OK | |
r-oldrel-macos-arm64 | 0.91.6 | 141.00 | OK | |||
r-oldrel-windows-x86_64 | 0.91.6 | 29.00 | 195.00 | 224.00 | OK |
Version: 0.91.6
Check: package dependencies
Result: NOTE
Imports includes 23 non-default packages.
Importing from so many packages makes the package vulnerable to any of
them becoming unavailable. Move as many as possible to Suggests and
use conditionally.
Flavor: r-devel-linux-x86_64-fedora-clang