CRAN Package Check Results for Package RclusTool

Last updated on 2022-05-19 05:52:02 CEST.

Flavor Version Tinstall Tcheck Ttotal Status Flags
r-devel-linux-x86_64-debian-clang 0.91.3 29.39 167.95 197.34 NOTE
r-devel-linux-x86_64-debian-gcc 0.91.3 20.93 121.61 142.54 NOTE
r-devel-linux-x86_64-fedora-clang 0.91.3 233.85 NOTE
r-devel-linux-x86_64-fedora-gcc 0.91.3 255.69 NOTE
r-devel-windows-x86_64 0.91.3 125.00 168.00 293.00 NOTE
r-patched-linux-x86_64 0.91.3 29.81 158.41 188.22 NOTE
r-release-linux-x86_64 0.91.3 25.97 158.01 183.98 NOTE
r-release-macos-arm64 0.91.3 100.00 NOTE
r-release-macos-x86_64 0.91.3 175.00 NOTE
r-release-windows-x86_64 0.91.3 97.00 174.00 271.00 NOTE
r-oldrel-macos-arm64 0.91.3 166.00 NOTE
r-oldrel-macos-x86_64 0.91.3 179.00 NOTE
r-oldrel-windows-ix86+x86_64 0.91.3 41.00 182.00 223.00 NOTE

Additional issues

donttest

Check Details

Version: 0.91.3
Check: LazyData
Result: NOTE
     'LazyData' is specified without a 'data' directory
Flavors: r-devel-linux-x86_64-debian-clang, r-devel-linux-x86_64-debian-gcc, r-devel-linux-x86_64-fedora-clang, r-devel-linux-x86_64-fedora-gcc, r-devel-windows-x86_64, r-patched-linux-x86_64, r-release-linux-x86_64, r-release-macos-arm64, r-release-macos-x86_64, r-release-windows-x86_64, r-oldrel-macos-arm64, r-oldrel-macos-x86_64, r-oldrel-windows-ix86+x86_64