Last updated on 2025-07-23 21:51:56 CEST.
Flavor | Version | Tinstall | Tcheck | Ttotal | Status | Flags |
---|---|---|---|---|---|---|
r-devel-linux-x86_64-debian-clang | 0.2.2 | 2.33 | 31.17 | 33.50 | NOTE | |
r-devel-linux-x86_64-debian-gcc | 0.2.2 | 1.71 | 25.50 | 27.21 | NOTE | |
r-devel-linux-x86_64-fedora-clang | 0.2.2 | 53.03 | NOTE | |||
r-devel-linux-x86_64-fedora-gcc | 0.2.2 | 64.29 | NOTE | |||
r-devel-windows-x86_64 | 0.2.2 | 4.00 | 70.00 | 74.00 | NOTE | |
r-patched-linux-x86_64 | 0.2.2 | 2.57 | 29.56 | 32.13 | NOTE | |
r-release-linux-x86_64 | 0.2.2 | 2.31 | 29.37 | 31.68 | NOTE | |
r-release-macos-arm64 | 0.2.2 | 28.00 | NOTE | |||
r-release-macos-x86_64 | 0.2.2 | 54.00 | NOTE | |||
r-release-windows-x86_64 | 0.2.2 | 5.00 | 71.00 | 76.00 | NOTE | |
r-oldrel-macos-arm64 | 0.2.2 | 27.00 | NOTE | |||
r-oldrel-macos-x86_64 | 0.2.2 | 48.00 | NOTE | |||
r-oldrel-windows-x86_64 | 0.2.2 | 5.00 | 73.00 | 78.00 | NOTE |
Version: 0.2.2
Check: Rd files
Result: NOTE
checkRd: (-1) S1.Rd:10: Lost braces; missing escapes or markup?
10 | \item{m_bar}{the sample vector of moments for a specified vector $(h_{a,r},y)$}
| ^
checkRd: (-1) S1.Rd:16: Lost braces; missing escapes or markup?
16 | \item{N_k}{index of the $ h_{a,r}$ function considered}
| ^
Flavors: r-devel-linux-x86_64-debian-clang, r-devel-linux-x86_64-debian-gcc, r-devel-linux-x86_64-fedora-clang, r-devel-linux-x86_64-fedora-gcc, r-devel-windows-x86_64, r-patched-linux-x86_64, r-release-linux-x86_64, r-release-macos-arm64, r-release-macos-x86_64, r-release-windows-x86_64, r-oldrel-macos-arm64, r-oldrel-macos-x86_64, r-oldrel-windows-x86_64
Version: 0.2.2
Check: LazyData
Result: NOTE
'LazyData' is specified without a 'data' directory
Flavors: r-oldrel-macos-arm64, r-oldrel-macos-x86_64, r-oldrel-windows-x86_64