CRAN Package Check Results for Package RapidoPGS

Last updated on 2021-03-02 02:47:18 CET.

Flavor Version Tinstall Tcheck Ttotal Status Flags
r-devel-linux-x86_64-debian-clang 1.0.2 OK
r-devel-linux-x86_64-debian-gcc 1.0.2 19.44 151.39 170.83 OK
r-devel-linux-x86_64-fedora-clang 1.0.2 278.22 OK
r-devel-linux-x86_64-fedora-gcc 1.0.2 267.45 OK
r-devel-windows-ix86+x86_64 1.0.2 40.00 175.00 215.00 OK
r-patched-linux-x86_64 1.0.2 14.73 189.11 203.84 OK
r-patched-solaris-x86 1.0.2 375.80 OK
r-release-linux-x86_64 1.0.2 15.84 187.35 203.19 OK
r-release-macos-x86_64 1.0.2 OK
r-release-windows-ix86+x86_64 1.0.2 45.00 227.00 272.00 OK
r-oldrel-macos-x86_64 1.0.2 ERROR
r-oldrel-windows-ix86+x86_64 1.0.2 34.00 217.00 251.00 OK

Check Details

Version: 1.0.2
Check: whether package can be installed
Result: ERROR
    Installation failed.
Flavor: r-oldrel-macos-x86_64