Last updated on 2023-03-28 21:54:07 CEST.
Flavor | Version | Tinstall | Tcheck | Ttotal | Status | Flags |
---|---|---|---|---|---|---|
r-devel-linux-x86_64-debian-clang | 2.2.0 | 29.12 | 260.45 | 289.57 | OK | |
r-devel-linux-x86_64-debian-gcc | 2.2.0 | 24.06 | 194.93 | 218.99 | OK | |
r-devel-linux-x86_64-fedora-clang | 2.2.0 | 370.98 | OK | |||
r-devel-linux-x86_64-fedora-gcc | 2.2.0 | 366.13 | OK | |||
r-devel-windows-x86_64 | 2.2.0 | 38.00 | 290.00 | 328.00 | OK | |
r-patched-linux-x86_64 | 2.2.0 | 26.82 | 241.62 | 268.44 | OK | |
r-release-linux-x86_64 | 2.2.0 | 19.61 | 245.88 | 265.49 | OK | |
r-release-macos-arm64 | 2.2.0 | 89.00 | OK | |||
r-release-macos-x86_64 | 2.2.0 | 127.00 | OK | |||
r-release-windows-x86_64 | 2.2.0 | 53.00 | 278.00 | 331.00 | OK | |
r-oldrel-macos-arm64 | 2.2.0 | 79.00 | OK | |||
r-oldrel-macos-x86_64 | 2.2.0 | 127.00 | OK | |||
r-oldrel-windows-ix86+x86_64 | 2.2.0 | 62.00 | 268.00 | 330.00 | NOTE |
Version: 2.2.0
Check: R code for possible problems
Result: NOTE
Initiating curl with CURL_SSL_BACKEND: openssl
Flavor: r-oldrel-windows-ix86+x86_64