CRAN Package Check Results for Package RandomFields

Last updated on 2020-05-30 12:48:19 CEST.

Flavor Version Tinstall Tcheck Ttotal Status Flags
r-devel-linux-x86_64-debian-clang 3.3.8 111.39 231.87 343.26 OK
r-devel-linux-x86_64-debian-gcc 3.3.8 90.57 174.64 265.21 OK
r-devel-linux-x86_64-fedora-clang 3.3.8 438.15 NOTE
r-devel-linux-x86_64-fedora-gcc 3.3.8 413.05 OK
r-devel-windows-ix86+x86_64 3.3.8 284.00 336.00 620.00 NOTE
r-patched-linux-x86_64 3.3.8 93.14 231.81 324.95 OK
r-patched-solaris-x86 3.3.8 448.10 OK
r-release-linux-x86_64 3.3.8 92.20 232.26 324.46 OK
r-release-osx-x86_64 3.3.8 NOTE
r-release-windows-ix86+x86_64 3.3.8 221.00 428.00 649.00 NOTE
r-oldrel-osx-x86_64 3.3.8 NOTE
r-oldrel-windows-ix86+x86_64 3.3.8 280.00 345.00 625.00 NOTE

Check Details

Version: 3.3.8
Check: installed package size
Result: NOTE
     installed size is 8.2Mb
     sub-directories of 1Mb or more:
     R 1.6Mb
     help 1.2Mb
     libs 5.2Mb
Flavors: r-devel-linux-x86_64-fedora-clang, r-devel-windows-ix86+x86_64, r-release-osx-x86_64, r-release-windows-ix86+x86_64, r-oldrel-osx-x86_64, r-oldrel-windows-ix86+x86_64

Version: 3.3.8
Check: dependencies in R code
Result: NOTE
    No protocol specified
    No protocol specified
    No protocol specified
    No protocol specified
Flavor: r-oldrel-osx-x86_64