Last updated on 2024-04-26 11:52:48 CEST.
Flavor | Version | Tinstall | Tcheck | Ttotal | Status | Flags |
---|---|---|---|---|---|---|
r-devel-linux-x86_64-debian-clang | 0.2.0 | 2.24 | 28.86 | 31.10 | OK | |
r-devel-linux-x86_64-debian-gcc | 0.2.0 | 2.75 | 22.18 | 24.93 | OK | |
r-devel-linux-x86_64-fedora-clang | 0.2.0 | 40.09 | NOTE | |||
r-devel-linux-x86_64-fedora-gcc | 0.2.0 | 38.22 | NOTE | |||
r-devel-windows-x86_64 | 0.2.0 | 4.00 | 42.00 | 46.00 | OK | |
r-patched-linux-x86_64 | 0.2.0 | 3.12 | 26.87 | 29.99 | OK | |
r-release-linux-x86_64 | 0.2.0 | 3.86 | 28.14 | 32.00 | OK | |
r-release-macos-arm64 | 0.2.0 | 18.00 | OK | |||
r-release-windows-x86_64 | 0.2.0 | 4.00 | 42.00 | 46.00 | OK | |
r-oldrel-macos-arm64 | 0.2.0 | 19.00 | OK | |||
r-oldrel-macos-x86_64 | 0.2.0 | 24.00 | OK | |||
r-oldrel-windows-x86_64 | 0.2.0 | 6.00 | 43.00 | 49.00 | OK |
Version: 0.2.0
Check: dependencies in R code
Result: NOTE
Namespace in Imports field not imported from: ‘knitr’
All declared Imports should be used.
Flavors: r-devel-linux-x86_64-fedora-clang, r-devel-linux-x86_64-fedora-gcc