Last updated on 2022-05-20 06:51:05 CEST.
Flavor | Version | Tinstall | Tcheck | Ttotal | Status | Flags |
---|---|---|---|---|---|---|
r-devel-linux-x86_64-debian-clang | 1.0.1 | 10.33 | 34.71 | 45.04 | OK | |
r-devel-linux-x86_64-debian-gcc | 1.0.1 | 8.35 | 27.48 | 35.83 | OK | |
r-devel-linux-x86_64-fedora-clang | 1.0.1 | 56.19 | OK | |||
r-devel-linux-x86_64-fedora-gcc | 1.0.1 | 56.75 | OK | |||
r-devel-windows-x86_64 | 1.0.1 | 20.00 | 50.00 | 70.00 | OK | |
r-patched-linux-x86_64 | 1.0.1 | 9.62 | 34.22 | 43.84 | OK | |
r-release-linux-x86_64 | 1.0.1 | 9.38 | 34.18 | 43.56 | OK | |
r-release-macos-arm64 | 1.0.1 | 22.00 | NOTE | |||
r-release-macos-x86_64 | 1.0.1 | 28.00 | OK | |||
r-release-windows-x86_64 | 1.0.1 | 20.00 | 51.00 | 71.00 | OK | |
r-oldrel-macos-arm64 | 1.0.1 | 27.00 | NOTE | |||
r-oldrel-macos-x86_64 | 1.0.1 | 39.00 | OK | |||
r-oldrel-windows-ix86+x86_64 | 1.0.1 | 17.00 | 44.00 | 61.00 | OK |
Version: 1.0.1
Check: installed package size
Result: NOTE
installed size is 5.2Mb
sub-directories of 1Mb or more:
data 5.0Mb
Flavors: r-release-macos-arm64, r-oldrel-macos-arm64