CRAN Package Check Results for Package RadData

Last updated on 2024-06-21 11:56:32 CEST.

Flavor Version Tinstall Tcheck Ttotal Status Flags
r-devel-linux-x86_64-debian-clang 1.0.2 10.92 25.37 36.29 OK
r-devel-linux-x86_64-debian-gcc 1.0.2 9.30 20.38 29.68 OK
r-devel-linux-x86_64-fedora-clang 1.0.2 46.16 OK
r-devel-linux-x86_64-fedora-gcc 1.0.2 44.60 OK
r-devel-windows-x86_64 1.0.2 10.00 40.00 50.00 OK
r-patched-linux-x86_64 1.0.2 11.68 24.29 35.97 OK
r-release-linux-x86_64 1.0.2 9.88 24.10 33.98 OK
r-release-macos-arm64 1.0.2 22.00 NOTE
r-release-macos-x86_64 1.0.2 35.00 NOTE
r-release-windows-x86_64 1.0.2 10.00 42.00 52.00 OK
r-oldrel-macos-arm64 1.0.2 27.00 NOTE
r-oldrel-macos-x86_64 1.0.2 51.00 NOTE
r-oldrel-windows-x86_64 1.0.2 11.00 43.00 54.00 OK

Check Details

Version: 1.0.2
Check: installed package size
Result: NOTE installed size is 5.4Mb sub-directories of 1Mb or more: data 5.2Mb Flavors: r-release-macos-arm64, r-release-macos-x86_64, r-oldrel-macos-arm64, r-oldrel-macos-x86_64