CRAN Package Check Results for Package Racmacs

Last updated on 2025-04-30 21:52:56 CEST.

Flavor Version Tinstall Tcheck Ttotal Status Flags
r-devel-linux-x86_64-debian-clang 1.2.9 325.23 531.22 856.45 OK
r-devel-linux-x86_64-debian-gcc 1.2.9 223.60 357.60 581.20 OK
r-devel-linux-x86_64-fedora-clang 1.2.9 1660.82 OK
r-devel-linux-x86_64-fedora-gcc 1.2.9 1478.28 OK
r-devel-windows-x86_64 1.2.9 374.00 613.00 987.00 OK
r-patched-linux-x86_64 1.2.9 321.27 520.01 841.28 OK
r-release-linux-x86_64 1.2.9 320.39 523.31 843.70 OK
r-release-macos-arm64 1.2.9 399.00 OK
r-release-macos-x86_64 1.2.9 666.00 OK
r-release-windows-x86_64 1.2.9 374.00 654.00 1028.00 OK
r-oldrel-macos-arm64 1.2.9 399.00 NOTE
r-oldrel-macos-x86_64 1.2.9 527.00 NOTE
r-oldrel-windows-x86_64 1.2.9 417.00 789.00 1206.00 NOTE

Check Details

Version: 1.2.9
Check: installed package size
Result: NOTE installed size is 25.1Mb sub-directories of 1Mb or more: doc 5.3Mb htmlwidgets 1.8Mb libs 16.0Mb Flavors: r-oldrel-macos-arm64, r-oldrel-macos-x86_64, r-oldrel-windows-x86_64