CRAN Package Check Results for Package RaPKod

Last updated on 2020-09-24 12:50:50 CEST.

Flavor Version Tinstall Tcheck Ttotal Status Flags
r-devel-linux-x86_64-debian-clang 0.9 37.48 43.99 81.47 NOTE
r-devel-linux-x86_64-debian-gcc 0.9 25.44 34.27 59.71 NOTE
r-devel-linux-x86_64-fedora-clang 0.9 109.33 NOTE
r-devel-linux-x86_64-fedora-gcc 0.9 96.92 NOTE
r-devel-windows-ix86+x86_64 0.9 81.00 76.00 157.00 OK
r-patched-linux-x86_64 0.9 27.04 41.78 68.82 NOTE
r-patched-solaris-x86 0.9 112.00 OK
r-release-linux-x86_64 0.9 29.91 41.71 71.62 NOTE
r-release-macos-x86_64 0.9 OK
r-release-windows-ix86+x86_64 0.9 65.00 102.00 167.00 OK
r-oldrel-macos-x86_64 0.9 OK
r-oldrel-windows-ix86+x86_64 0.9 52.00 98.00 150.00 OK

Check Details

Version: 0.9
Check: use of SHLIB_OPENMP_*FLAGS in Makefiles
Result: NOTE
     src/Makevars: SHLIB_OPENMP_CXXFLAGS is included in PKG_CXXFLAGS but not in PKG_LIBS
     src/Makevars: SHLIB_OPENMP_CFLAGS is included in PKG_LIBS but linking is by C++
     src/Makevars.win: SHLIB_OPENMP_CXXFLAGS is included in PKG_CXXFLAGS but not in PKG_LIBS
     src/Makevars.win: SHLIB_OPENMP_CFLAGS is included in PKG_LIBS but linking is by C++
    Use of these macros is discussed in sect 1.2.1.1 of 'Writing R
    Extensions'. The macros for different languages may differ so the
    matching macro must be used in PKG_CXXFLAGS (etc) and match that used
    in PKG_LIBS (except for Fortran: see the manual).
Flavors: r-devel-linux-x86_64-debian-clang, r-devel-linux-x86_64-debian-gcc, r-devel-linux-x86_64-fedora-clang, r-devel-linux-x86_64-fedora-gcc, r-patched-linux-x86_64, r-release-linux-x86_64