Last updated on 2025-05-11 21:50:20 CEST.
Flavor | Version | Tinstall | Tcheck | Ttotal | Status | Flags |
---|---|---|---|---|---|---|
r-devel-linux-x86_64-debian-clang | 0.3.2.1 | 11.61 | 78.07 | 89.68 | NOTE | |
r-devel-linux-x86_64-debian-gcc | 0.3.2.1 | 6.91 | 58.19 | 65.10 | NOTE | |
r-devel-linux-x86_64-fedora-clang | 0.3.2.1 | 133.04 | OK | |||
r-devel-linux-x86_64-fedora-gcc | 0.3.2.1 | 148.01 | OK | |||
r-devel-windows-x86_64 | 0.3.2.1 | 18.00 | 159.00 | 177.00 | OK | |
r-patched-linux-x86_64 | 0.3.2.1 | 9.97 | 71.81 | 81.78 | OK | |
r-release-linux-x86_64 | 0.3.2.1 | 9.68 | 73.00 | 82.68 | OK | |
r-release-macos-arm64 | 0.3.2.1 | 74.00 | OK | |||
r-release-macos-x86_64 | 0.3.2.1 | 145.00 | OK | |||
r-release-windows-x86_64 | 0.3.2.1 | 18.00 | 155.00 | 173.00 | OK | |
r-oldrel-macos-arm64 | 0.3.2.1 | 69.00 | OK | |||
r-oldrel-macos-x86_64 | 0.3.2.1 | 113.00 | OK | |||
r-oldrel-windows-x86_64 | 0.3.2.1 | 21.00 | 155.00 | 176.00 | OK |
Version: 0.3.2.1
Check: CRAN incoming feasibility
Result: NOTE
Maintainer: ‘Tom Druet <tom.druet@uliege.be>’
No Authors@R field in DESCRIPTION.
Please add one, modifying
Authors@R: c(person(given = "Tom",
family = "Druet",
role = c("aut", "cre"),
email = "tom.druet@uliege.be"),
person(given = c("Naveen", "Kumar"),
family = "Kadri",
role = "aut"),
person(given = "Amandine",
family = "Bertrand",
role = "aut"),
person(given = "Mathieu",
family = "Gautier",
role = "aut"))
as necessary.
Flavors: r-devel-linux-x86_64-debian-clang, r-devel-linux-x86_64-debian-gcc