CRAN Package Check Results for Package RYandexTranslate

Last updated on 2022-10-01 05:51:34 CEST.

Flavor Version Tinstall Tcheck Ttotal Status Flags
r-devel-linux-x86_64-debian-clang 1.0 2.89 29.97 32.86 NOTE
r-devel-linux-x86_64-debian-gcc 1.0 2.30 23.12 25.42 NOTE
r-devel-linux-x86_64-fedora-clang 1.0 51.25 NOTE
r-devel-linux-x86_64-fedora-gcc 1.0 50.83 NOTE
r-devel-windows-x86_64 1.0 5.00 55.00 60.00 NOTE
r-patched-linux-x86_64 1.0 1.82 28.25 30.07 NOTE
r-release-linux-x86_64 1.0 2.71 28.50 31.21 NOTE
r-release-macos-arm64 1.0 17.00 NOTE
r-release-macos-x86_64 1.0 23.00 NOTE
r-release-windows-x86_64 1.0 22.00 54.00 76.00 NOTE
r-oldrel-macos-arm64 1.0 19.00 NOTE
r-oldrel-macos-x86_64 1.0 29.00 NOTE
r-oldrel-windows-ix86+x86_64 1.0 6.00 53.00 59.00 NOTE

Check Details

Version: 1.0
Check: LazyData
Result: NOTE
     'LazyData' is specified without a 'data' directory
Flavors: r-devel-linux-x86_64-debian-clang, r-devel-linux-x86_64-debian-gcc, r-devel-linux-x86_64-fedora-clang, r-devel-linux-x86_64-fedora-gcc, r-devel-windows-x86_64, r-patched-linux-x86_64, r-release-linux-x86_64, r-release-macos-arm64, r-release-macos-x86_64, r-release-windows-x86_64, r-oldrel-macos-arm64, r-oldrel-macos-x86_64, r-oldrel-windows-ix86+x86_64