CRAN Package Check Results for Package RYandexTranslate

Last updated on 2024-05-27 12:51:47 CEST.

Flavor Version Tinstall Tcheck Ttotal Status Flags
r-devel-linux-x86_64-debian-clang 1.0 2.83 29.42 32.25 NOTE
r-devel-linux-x86_64-debian-gcc 1.0 2.04 22.58 24.62 NOTE
r-devel-linux-x86_64-fedora-clang 1.0 39.80 NOTE
r-devel-linux-x86_64-fedora-gcc 1.0 37.74 NOTE
r-devel-windows-x86_64 1.0 3.00 42.00 45.00 NOTE
r-patched-linux-x86_64 1.0 2.83 28.33 31.16 NOTE
r-release-linux-x86_64 1.0 2.61 28.57 31.18 NOTE
r-release-macos-arm64 1.0 15.00 NOTE
r-release-windows-x86_64 1.0 3.00 43.00 46.00 NOTE
r-oldrel-macos-arm64 1.0 19.00 NOTE
r-oldrel-macos-x86_64 1.0 21.00 NOTE
r-oldrel-windows-x86_64 1.0 4.00 46.00 50.00 NOTE

Check Details

Version: 1.0
Check: LazyData
Result: NOTE 'LazyData' is specified without a 'data' directory Flavors: r-devel-linux-x86_64-debian-clang, r-devel-linux-x86_64-debian-gcc, r-devel-linux-x86_64-fedora-clang, r-devel-linux-x86_64-fedora-gcc, r-devel-windows-x86_64, r-patched-linux-x86_64, r-release-linux-x86_64, r-release-macos-arm64, r-release-windows-x86_64, r-oldrel-macos-arm64, r-oldrel-macos-x86_64, r-oldrel-windows-x86_64