CRAN Package Check Results for Package RWildbook

Last updated on 2021-03-07 21:48:59 CET.

Flavor Version Tinstall Tcheck Ttotal Status Flags
r-devel-linux-x86_64-debian-clang 0.9.3 11.34 100.66 112.00 OK
r-devel-linux-x86_64-debian-gcc 0.9.3 7.82 74.05 81.87 OK
r-devel-linux-x86_64-fedora-clang 0.9.3 139.78 NOTE
r-devel-linux-x86_64-fedora-gcc 0.9.3 127.71 NOTE
r-devel-windows-ix86+x86_64 0.9.3 23.00 121.00 144.00 OK
r-devel-windows-x86_64-gcc10-UCRT 0.9.3 NOTE
r-patched-linux-x86_64 0.9.3 8.56 91.71 100.27 OK
r-patched-solaris-x86 0.9.3 193.90 NOTE
r-release-linux-x86_64 0.9.3 9.24 91.61 100.85 OK
r-release-macos-x86_64 0.9.3 NOTE
r-release-windows-ix86+x86_64 0.9.3 18.00 90.00 108.00 OK
r-oldrel-macos-x86_64 0.9.3 NOTE
r-oldrel-windows-ix86+x86_64 0.9.3 14.00 86.00 100.00 OK

Check Details

Version: 0.9.3
Check: data for non-ASCII characters
Result: NOTE
     Note: found 6 marked UTF-8 strings
Flavors: r-devel-linux-x86_64-fedora-clang, r-devel-linux-x86_64-fedora-gcc, r-devel-windows-x86_64-gcc10-UCRT, r-patched-solaris-x86, r-release-macos-x86_64, r-oldrel-macos-x86_64