Last updated on 2024-03-28 12:50:46 CET.
Flavor | Version | Tinstall | Tcheck | Ttotal | Status | Flags |
---|---|---|---|---|---|---|
r-devel-linux-x86_64-debian-clang | 0.6.4 | 34.05 | 117.44 | 151.49 | NOTE | |
r-devel-linux-x86_64-debian-gcc | 0.6.4 | 22.84 | 86.60 | 109.44 | NOTE | |
r-devel-linux-x86_64-fedora-clang | 0.6.4 | 188.51 | NOTE | |||
r-devel-linux-x86_64-fedora-gcc | 0.6.4 | 193.52 | NOTE | |||
r-devel-windows-x86_64 | 0.6.4 | 26.00 | 124.00 | 150.00 | NOTE | |
r-patched-linux-x86_64 | 0.6.4 | 23.49 | 112.92 | 136.41 | NOTE | |
r-release-linux-x86_64 | 0.6.4 | 20.03 | 109.48 | 129.51 | NOTE | |
r-release-macos-arm64 | 0.6.4 | 65.00 | NOTE | |||
r-release-macos-x86_64 | 0.6.4 | 109.00 | NOTE | |||
r-release-windows-x86_64 | 0.6.4 | 32.00 | 153.00 | 185.00 | NOTE | |
r-oldrel-macos-arm64 | 0.6.4 | 51.00 | OK | |||
r-oldrel-windows-x86_64 | 0.6.4 | 32.00 | 146.00 | 178.00 | OK |
Version: 0.6.4
Check: C++ specification
Result: NOTE
Specified C++11: please drop specification unless essential
Flavors: r-devel-linux-x86_64-debian-clang, r-devel-linux-x86_64-debian-gcc, r-devel-linux-x86_64-fedora-clang, r-devel-linux-x86_64-fedora-gcc, r-devel-windows-x86_64, r-patched-linux-x86_64, r-release-linux-x86_64, r-release-macos-arm64, r-release-macos-x86_64, r-release-windows-x86_64