Last updated on 2022-06-28 03:51:42 CEST.
Flavor | Version | Tinstall | Tcheck | Ttotal | Status | Flags |
---|---|---|---|---|---|---|
r-devel-linux-x86_64-debian-clang | 0.9-81-2 | 22.67 | 137.33 | 160.00 | NOTE | |
r-devel-linux-x86_64-debian-gcc | 0.9-81-2 | 15.69 | 99.15 | 114.84 | NOTE | |
r-devel-linux-x86_64-fedora-clang | 0.9-81-2 | 189.00 | NOTE | |||
r-devel-linux-x86_64-fedora-gcc | 0.9-81-2 | 189.47 | NOTE | |||
r-devel-windows-x86_64 | 0.9-81-2 | 238.00 | 188.00 | 426.00 | NOTE | |
r-patched-linux-x86_64 | 0.9-81-2 | 28.54 | 125.30 | 153.84 | NOTE | |
r-release-linux-x86_64 | 0.9-81-2 | 22.35 | 126.50 | 148.85 | NOTE | |
r-release-macos-arm64 | 0.9-81-2 | 47.00 | NOTE | |||
r-release-macos-x86_64 | 0.9-81-2 | 82.00 | NOTE | |||
r-release-windows-x86_64 | 0.9-81-2 | 247.00 | 196.00 | 443.00 | NOTE | |
r-oldrel-macos-arm64 | 0.9-81-2 | 34.00 | NOTE | |||
r-oldrel-macos-x86_64 | 0.9-81-2 | 67.00 | NOTE | |||
r-oldrel-windows-ix86+x86_64 | 0.9-81-2 | 36.00 | 173.00 | 209.00 | NOTE |
Version: 0.9-81-2
Check: package dependencies
Result: NOTE
Package which this enhances but not available for checking: 'glmmADMB'
Flavors: r-devel-linux-x86_64-debian-clang, r-devel-linux-x86_64-debian-gcc, r-devel-linux-x86_64-fedora-clang, r-devel-linux-x86_64-fedora-gcc, r-devel-windows-x86_64, r-patched-linux-x86_64, r-release-linux-x86_64, r-release-macos-arm64, r-release-macos-x86_64, r-release-windows-x86_64, r-oldrel-macos-arm64, r-oldrel-macos-x86_64, r-oldrel-windows-ix86+x86_64