CRAN Package Check Results for Package RUnit

Last updated on 2020-06-04 06:48:33 CEST.

Flavor Version Tinstall Tcheck Ttotal Status Flags
r-devel-linux-x86_64-debian-clang 0.4.32 4.11 32.91 37.02 NOTE
r-devel-linux-x86_64-debian-gcc 0.4.32 2.96 25.64 28.60 NOTE
r-devel-linux-x86_64-fedora-clang 0.4.32 53.73 NOTE
r-devel-linux-x86_64-fedora-gcc 0.4.32 44.67 NOTE
r-devel-windows-ix86+x86_64 0.4.32 9.00 54.00 63.00 OK
r-patched-linux-x86_64 0.4.32 3.31 32.91 36.22 NOTE
r-patched-solaris-x86 0.4.32 66.40 NOTE
r-release-linux-x86_64 0.4.32 4.30 32.85 37.15 NOTE
r-release-osx-x86_64 0.4.32 OK
r-release-windows-ix86+x86_64 0.4.32 6.00 54.00 60.00 OK
r-oldrel-osx-x86_64 0.4.32 OK
r-oldrel-windows-ix86+x86_64 0.4.32 6.00 49.00 55.00 OK

Check Details

Version: 0.4.32
Check: for non-standard things in the check directory
Result: NOTE
    Found the following files/directories:
     'results'
Flavors: r-devel-linux-x86_64-debian-clang, r-devel-linux-x86_64-debian-gcc, r-devel-linux-x86_64-fedora-clang, r-devel-linux-x86_64-fedora-gcc, r-patched-linux-x86_64, r-patched-solaris-x86, r-release-linux-x86_64