Last updated on 2023-09-29 12:57:09 CEST.
Flavor | Version | Tinstall | Tcheck | Ttotal | Status | Flags |
---|---|---|---|---|---|---|
r-devel-linux-x86_64-debian-clang | 1.0.19 | 193.77 | 105.02 | 298.79 | NOTE | |
r-devel-linux-x86_64-debian-gcc | 1.0.19 | 159.83 | 86.81 | 246.64 | NOTE | |
r-devel-linux-x86_64-fedora-clang | 1.0.19 | 355.19 | NOTE | |||
r-devel-linux-x86_64-fedora-gcc | 1.0.19 | 448.90 | NOTE | |||
r-devel-windows-x86_64 | 1.0.19 | 133.00 | 123.00 | 256.00 | NOTE | |
r-patched-linux-x86_64 | 1.0.19 | 196.55 | 108.85 | 305.40 | NOTE | |
r-release-linux-x86_64 | 1.0.19 | 201.97 | 110.50 | 312.47 | NOTE | |
r-release-macos-arm64 | 1.0.19 | 110.00 | NOTE | |||
r-release-macos-x86_64 | 1.0.19 | 183.00 | NOTE | |||
r-release-windows-x86_64 | 1.0.19 | 164.00 | 143.00 | 307.00 | NOTE | |
r-oldrel-macos-arm64 | 1.0.19 | 100.00 | NOTE | |||
r-oldrel-macos-x86_64 | 1.0.19 | 126.00 | NOTE | |||
r-oldrel-windows-x86_64 | 1.0.19 | 163.00 | 133.00 | 296.00 | OK |
Version: 1.0.19
Check: C++ specification
Result: NOTE
Specified C++11: please drop specification unless essential
Flavors: r-devel-linux-x86_64-debian-clang, r-devel-linux-x86_64-debian-gcc, r-devel-linux-x86_64-fedora-clang, r-devel-linux-x86_64-fedora-gcc, r-devel-windows-x86_64, r-patched-linux-x86_64, r-release-linux-x86_64, r-release-macos-arm64, r-release-macos-x86_64, r-release-windows-x86_64
Version: 1.0.19
Check: installed package size
Result: NOTE
installed size is 47.0Mb
sub-directories of 1Mb or more:
libs 46.4Mb
Flavors: r-release-macos-arm64, r-release-macos-x86_64, r-oldrel-macos-arm64, r-oldrel-macos-x86_64