CRAN Package Check Results for Package RTTWebClient

Last updated on 2022-01-21 20:48:53 CET.

Flavor Version Tinstall Tcheck Ttotal Status Flags
r-devel-linux-x86_64-debian-clang 0.1.2 4.54 43.28 47.82 OK
r-devel-linux-x86_64-debian-gcc 0.1.2 3.02 32.85 35.87 OK
r-devel-linux-x86_64-fedora-clang 0.1.2 58.38 NOTE
r-devel-linux-x86_64-fedora-gcc 0.1.2 46.23 NOTE
r-devel-windows-x86_64-new-UL 0.1.2 39.00 66.00 105.00 OK
r-devel-windows-x86_64-new-TK 0.1.2 NOTE
r-patched-linux-x86_64 0.1.2 4.71 40.06 44.77 OK
r-release-linux-x86_64 0.1.2 4.29 40.32 44.61 OK
r-release-macos-arm64 0.1.2 NOTE
r-release-macos-x86_64 0.1.2 NOTE
r-release-windows-ix86+x86_64 0.1.2 11.00 49.00 60.00 OK
r-oldrel-macos-x86_64 0.1.2 NOTE
r-oldrel-windows-ix86+x86_64 0.1.2 13.00 51.00 64.00 OK

Check Details

Version: 0.1.2
Check: dependencies in R code
Result: NOTE
    Namespace in Imports field not imported from: ‘withr’
     All declared Imports should be used.
Flavors: r-devel-linux-x86_64-fedora-clang, r-devel-linux-x86_64-fedora-gcc, r-devel-windows-x86_64-new-TK, r-release-macos-arm64, r-release-macos-x86_64, r-oldrel-macos-x86_64