Last updated on 2023-12-02 21:40:09 CET.
Flavor | Version | Tinstall | Tcheck | Ttotal | Status | Flags |
---|---|---|---|---|---|---|
r-devel-linux-x86_64-debian-clang | 1.3.4 | 68.76 | 128.37 | 197.13 | OK | |
r-devel-linux-x86_64-debian-gcc | 1.3.4 | 50.19 | 97.88 | 148.07 | OK | |
r-devel-linux-x86_64-fedora-clang | 1.3.4 | 265.29 | NOTE | |||
r-devel-linux-x86_64-fedora-gcc | 1.3.4 | 271.88 | NOTE | |||
r-devel-windows-x86_64 | 1.3.4 | 56.00 | 150.00 | 206.00 | OK | |
r-patched-linux-x86_64 | 1.3.4 | 44.54 | 125.84 | 170.38 | OK | |
r-release-linux-x86_64 | 1.3.4 | 45.89 | 124.41 | 170.30 | OK | |
r-release-macos-arm64 | 1.3.4 | 75.00 | OK | |||
r-release-macos-x86_64 | 1.3.4 | 169.00 | OK | |||
r-release-windows-x86_64 | 1.3.4 | 75.00 | 182.00 | 257.00 | OK | |
r-oldrel-macos-arm64 | 1.3.4 | 82.00 | OK | |||
r-oldrel-macos-x86_64 | 1.3.4 | 110.00 | OK | |||
r-oldrel-windows-x86_64 | 1.3.4 | 69.00 | 171.00 | 240.00 | OK |
Version: 1.3.4
Check: package dependencies
Result: NOTE
Imports includes 23 non-default packages.
Importing from so many packages makes the package vulnerable to any of
them becoming unavailable. Move as many as possible to Suggests and
use conditionally.
Flavor: r-devel-linux-x86_64-fedora-clang
Version: 1.3.4
Check: data for non-ASCII characters
Result: NOTE
Note: found 50 marked UTF-8 strings
Flavors: r-devel-linux-x86_64-fedora-clang, r-devel-linux-x86_64-fedora-gcc