Last updated on 2022-06-27 21:51:29 CEST.
Flavor | Version | Tinstall | Tcheck | Ttotal | Status | Flags |
---|---|---|---|---|---|---|
r-devel-linux-x86_64-debian-clang | 0.2.1 | 4.01 | 48.33 | 52.34 | OK | |
r-devel-linux-x86_64-debian-gcc | 0.2.1 | 3.41 | 36.07 | 39.48 | OK | |
r-devel-linux-x86_64-fedora-clang | 0.2.1 | 71.87 | NOTE | |||
r-devel-linux-x86_64-fedora-gcc | 0.2.1 | 77.81 | NOTE | |||
r-devel-windows-x86_64 | 0.2.1 | 87.00 | 75.00 | 162.00 | OK | |
r-patched-linux-x86_64 | 0.2.1 | 4.14 | 46.41 | 50.55 | OK | |
r-release-linux-x86_64 | 0.2.1 | 3.60 | 46.07 | 49.67 | OK | |
r-release-macos-arm64 | 0.2.1 | 21.00 | NOTE | |||
r-release-macos-x86_64 | 0.2.1 | 32.00 | NOTE | |||
r-release-windows-x86_64 | 0.2.1 | 86.00 | 75.00 | 161.00 | OK | |
r-oldrel-macos-arm64 | 0.2.1 | 26.00 | NOTE | |||
r-oldrel-macos-x86_64 | 0.2.1 | 39.00 | NOTE | |||
r-oldrel-windows-ix86+x86_64 | 0.2.1 | 9.00 | 72.00 | 81.00 | OK |
Version: 0.2.1
Check: dependencies in R code
Result: NOTE
Namespace in Imports field not imported from: ‘mc2d’
All declared Imports should be used.
Flavors: r-devel-linux-x86_64-fedora-clang, r-devel-linux-x86_64-fedora-gcc, r-release-macos-arm64, r-release-macos-x86_64, r-oldrel-macos-arm64, r-oldrel-macos-x86_64