CRAN Package Check Results for Package RStata

Last updated on 2025-02-04 03:49:59 CET.

Flavor Version Tinstall Tcheck Ttotal Status Flags
r-devel-linux-x86_64-debian-clang 1.1.1 1.68 17.75 19.43 NOTE
r-devel-linux-x86_64-debian-gcc 1.1.1 1.34 15.20 16.54 NOTE
r-devel-linux-x86_64-fedora-clang 1.1.1 31.95 OK
r-devel-linux-x86_64-fedora-gcc 1.1.1 29.96 OK
r-devel-windows-x86_64 1.1.1 4.00 40.00 44.00 NOTE
r-patched-linux-x86_64 1.1.1 1.47 17.03 18.50 NOTE
r-release-linux-x86_64 1.1.1 1.64 16.89 18.53 NOTE
r-release-macos-arm64 1.1.1 15.00 NOTE
r-release-macos-x86_64 1.1.1 20.00 NOTE
r-release-windows-x86_64 1.1.1 3.00 39.00 42.00 NOTE
r-oldrel-macos-arm64 1.1.1 15.00 NOTE
r-oldrel-macos-x86_64 1.1.1 19.00 NOTE
r-oldrel-windows-x86_64 1.1.1 3.00 39.00 42.00 NOTE

Check Details

Version: 1.1.1
Check: Rd cross-references
Result: NOTE Found the following Rd file(s) with Rd \link{} targets missing package anchors: stata.Rd: write.dta Please provide package anchors for all Rd \link{} targets not in the package itself and the base packages. Flavors: r-devel-linux-x86_64-debian-clang, r-devel-linux-x86_64-debian-gcc, r-devel-windows-x86_64

Version: 1.1.1
Check: LazyData
Result: NOTE 'LazyData' is specified without a 'data' directory Flavors: r-patched-linux-x86_64, r-release-linux-x86_64, r-release-macos-arm64, r-release-macos-x86_64, r-release-windows-x86_64, r-oldrel-macos-arm64, r-oldrel-macos-x86_64, r-oldrel-windows-x86_64