Last updated on 2023-12-03 12:48:37 CET.
Flavor | Version | Tinstall | Tcheck | Ttotal | Status | Flags |
---|---|---|---|---|---|---|
r-devel-linux-x86_64-debian-clang | 1.4.16 | 8.49 | 75.92 | 84.41 | NOTE | |
r-devel-linux-x86_64-debian-gcc | 1.4.16 | 6.40 | 57.46 | 63.86 | NOTE | |
r-devel-linux-x86_64-fedora-clang | 1.4.16 | 103.91 | NOTE | |||
r-devel-linux-x86_64-fedora-gcc | 1.4.16 | 101.03 | NOTE | |||
r-devel-windows-x86_64 | 1.4.16 | 8.00 | 90.00 | 98.00 | NOTE | |
r-patched-linux-x86_64 | 1.4.16 | 7.55 | 74.07 | 81.62 | OK | |
r-release-linux-x86_64 | 1.4.16 | 7.72 | 73.97 | 81.69 | OK | |
r-release-macos-arm64 | 1.4.16 | 33.00 | OK | |||
r-release-macos-x86_64 | 1.4.16 | 52.00 | OK | |||
r-release-windows-x86_64 | 1.4.16 | 11.00 | 103.00 | 114.00 | OK | |
r-oldrel-macos-arm64 | 1.4.16 | 27.00 | OK | |||
r-oldrel-macos-x86_64 | 1.4.16 | 41.00 | OK | |||
r-oldrel-windows-x86_64 | 1.4.16 | 11.00 | 93.00 | 104.00 | OK |
Version: 1.4.16
Check: Rd \usage sections
Result: NOTE
Documented arguments not in \usage in Rd file 'ApiRequest.Rd':
‘report.description’
Documented arguments not in \usage in Rd file 'BuildLineItemSegment.Rd':
‘elements’
Functions with \usage entries need to have the appropriate \alias
entries, and all their arguments documented.
The \usage entries must correspond to syntactically valid R code.
See chapter ‘Writing R documentation files’ in the ‘Writing R
Extensions’ manual.
Flavors: r-devel-linux-x86_64-debian-clang, r-devel-linux-x86_64-debian-gcc, r-devel-linux-x86_64-fedora-clang, r-devel-linux-x86_64-fedora-gcc, r-devel-windows-x86_64