CRAN Package Check Results for Package RSEIS

Last updated on 2022-08-10 12:56:27 CEST.

Flavor Version Tinstall Tcheck Ttotal Status Flags
r-devel-linux-x86_64-debian-clang 4.1-1 32.68 177.96 210.64 NOTE
r-devel-linux-x86_64-debian-gcc 4.1-1 26.84 129.05 155.89 NOTE
r-devel-linux-x86_64-fedora-clang 4.1-1 253.21 NOTE
r-devel-linux-x86_64-fedora-gcc 4.1-1 247.72 NOTE
r-devel-windows-x86_64 4.1-1 101.00 200.00 301.00 NOTE
r-patched-linux-x86_64 4.1-1 33.92 168.41 202.33 OK
r-release-linux-x86_64 4.1-1 OK
r-release-macos-arm64 4.1-1 75.00 OK
r-release-macos-x86_64 4.1-1 93.00 OK
r-release-windows-x86_64 4.1-1 73.00 204.00 277.00 OK
r-oldrel-macos-arm64 4.1-1 68.00 OK
r-oldrel-macos-x86_64 4.1-1 93.00 OK
r-oldrel-windows-ix86+x86_64 4.1-1 57.00 250.00 307.00 OK

Check Details

Version: 4.1-1
Check: Rd files
Result: NOTE
    checkRd: (-1) DOsgram.Rd:55: Escaped LaTeX specials: \&
    checkRd: (-1) MTM.drive.Rd:26: Escaped LaTeX specials: \&
    checkRd: (-1) MTMdisp.Rd:28: Escaped LaTeX specials: \&
    checkRd: (-1) MTMgabor.Rd:57: Escaped LaTeX specials: \&
    checkRd: (-1) doGABOR.AR.Rd:55: Escaped LaTeX specials: \&
    checkRd: (-1) doGABOR.MTM.Rd:64: Escaped LaTeX specials: \&
    checkRd: (-1) evolMTM.Rd:41: Escaped LaTeX specials: \&
    checkRd: (-1) get.slepians.Rd:24: Escaped LaTeX specials: \&
    checkRd: (-1) mtapspec.Rd:45: Escaped LaTeX specials: \&
    checkRd: (-1) plt.MTM0.Rd:26: Escaped LaTeX specials: \&
    checkRd: (-1) save.wpix.Rd:15: Escaped LaTeX specials: \$
Flavors: r-devel-linux-x86_64-debian-clang, r-devel-linux-x86_64-debian-gcc, r-devel-linux-x86_64-fedora-clang, r-devel-linux-x86_64-fedora-gcc, r-devel-windows-x86_64