CRAN Package Check Results for Package RSAGA

Last updated on 2020-07-03 03:47:20 CEST.

Flavor Version Tinstall Tcheck Ttotal Status Flags
r-devel-linux-x86_64-debian-clang 1.3.0 10.09 76.90 86.99 OK
r-devel-linux-x86_64-debian-gcc 1.3.0 8.05 59.11 67.16 OK
r-devel-linux-x86_64-fedora-clang 1.3.0 110.12 NOTE
r-devel-linux-x86_64-fedora-gcc 1.3.0 103.33 OK
r-devel-windows-ix86+x86_64 1.3.0 22.00 119.00 141.00 OK
r-patched-linux-x86_64 1.3.0 9.73 76.27 86.00 OK
r-patched-solaris-x86 1.3.0 149.00 OK
r-release-linux-x86_64 1.3.0 11.20 75.85 87.05 OK
r-release-osx-x86_64 1.3.0 OK
r-release-windows-ix86+x86_64 1.3.0 18.00 89.00 107.00 OK
r-oldrel-osx-x86_64 1.3.0 OK
r-oldrel-windows-ix86+x86_64 1.3.0 26.00 117.00 143.00 OK

Check Details

Version: 1.3.0
Check: Rd cross-references
Result: NOTE
    Undeclared package ‘sp’ in Rd xrefs
Flavor: r-devel-linux-x86_64-fedora-clang