Last updated on 2024-04-18 06:09:59 CEST.
Flavor | Version | Tinstall | Tcheck | Ttotal | Status | Flags |
---|---|---|---|---|---|---|
r-devel-linux-x86_64-debian-clang | 1.4.0 | 9.51 | 99.89 | 109.40 | NOTE | |
r-devel-linux-x86_64-debian-gcc | 1.4.0 | 7.86 | 72.21 | 80.07 | NOTE | |
r-devel-linux-x86_64-fedora-clang | 1.4.0 | 135.59 | NOTE | |||
r-devel-linux-x86_64-fedora-gcc | 1.4.0 | 141.87 | NOTE | |||
r-prerel-macos-arm64 | 1.4.0 | 40.00 | NOTE | |||
r-prerel-windows-x86_64 | 1.4.0 | 11.00 | 95.00 | 106.00 | NOTE | |
r-patched-linux-x86_64 | 1.4.0 | 16.96 | 93.96 | 110.92 | NOTE | |
r-release-linux-x86_64 | 1.4.0 | 9.33 | 93.85 | 103.18 | OK | |
r-release-macos-arm64 | 1.4.0 | 47.00 | OK | |||
r-release-macos-x86_64 | 1.4.0 | 68.00 | OK | |||
r-release-windows-x86_64 | 1.4.0 | 15.00 | 110.00 | 125.00 | OK | |
r-oldrel-macos-arm64 | 1.4.0 | 36.00 | OK | |||
r-oldrel-windows-x86_64 | 1.4.0 | 14.00 | 103.00 | 117.00 | OK |
Version: 1.4.0
Check: Rd files
Result: NOTE
checkRd: (-1) landslides.Rd:11-21: Lost braces in \enumerate; meant \describe ?
checkRd: (-1) landslides.Rd:16: Lost braces in \itemize; meant \describe ?
checkRd: (-1) landslides.Rd:17-18: Lost braces in \itemize; meant \describe ?
checkRd: (-1) landslides.Rd:22-26: Lost braces
22 | \item \code{dem} {Digital elevation model given as a .Rd grid, i.e. a list
| ^
checkRd: (-1) landslides.Rd:27-28: Lost braces
27 | \item \code{study_area} {An \code{sf}-object representing the outlines of
| ^
checkRd: (-1) rsaga.get.modules.Rd:68: Lost braces in \itemize; \value handles \item{}{} directly
checkRd: (-1) rsaga.get.modules.Rd:69: Lost braces in \itemize; \value handles \item{}{} directly
checkRd: (-1) rsaga.get.modules.Rd:70: Lost braces in \itemize; \value handles \item{}{} directly
Flavors: r-devel-linux-x86_64-debian-clang, r-devel-linux-x86_64-debian-gcc, r-devel-linux-x86_64-fedora-clang, r-devel-linux-x86_64-fedora-gcc, r-prerel-macos-arm64, r-prerel-windows-x86_64, r-patched-linux-x86_64