Last updated on 2024-04-17 21:56:10 CEST.
Flavor | Version | Tinstall | Tcheck | Ttotal | Status | Flags |
---|---|---|---|---|---|---|
r-devel-linux-x86_64-debian-clang | 0.10.6 | 15.45 | 104.51 | 119.96 | OK | |
r-devel-linux-x86_64-debian-gcc | 0.10.6 | 11.69 | 76.22 | 87.91 | OK | |
r-devel-linux-x86_64-fedora-clang | 0.10.6 | 151.74 | OK | |||
r-devel-linux-x86_64-fedora-gcc | 0.10.6 | 143.42 | OK | |||
r-prerel-macos-arm64 | 0.10.6 | 54.00 | OK | |||
r-prerel-windows-x86_64 | 0.10.6 | 12.00 | 83.00 | 95.00 | OK | |
r-patched-linux-x86_64 | 0.10.6 | 20.11 | 101.34 | 121.45 | OK | |
r-release-linux-x86_64 | 0.10.6 | 11.95 | 92.14 | 104.09 | OK | |
r-release-macos-arm64 | 0.10.6 | 45.00 | OK | |||
r-release-macos-x86_64 | 0.10.6 | 75.00 | NOTE | |||
r-release-windows-x86_64 | 0.10.6 | 14.00 | 100.00 | 114.00 | OK | |
r-oldrel-macos-arm64 | 0.10.6 | 63.00 | OK | |||
r-oldrel-windows-x86_64 | 0.10.6 | 16.00 | 102.00 | 118.00 | OK |
Version: 0.10.6
Check: package dependencies
Result: NOTE
Packages suggested but not available for checking: 'fields', 'qgraph'
Flavor: r-release-macos-x86_64