Last updated on 2025-04-30 12:49:15 CEST.
Flavor | Version | Tinstall | Tcheck | Ttotal | Status | Flags |
---|---|---|---|---|---|---|
r-devel-linux-x86_64-debian-clang | 0.2 | 2.80 | 46.03 | 48.83 | NOTE | |
r-devel-linux-x86_64-debian-gcc | 0.2 | 1.93 | 30.24 | 32.17 | NOTE | |
r-devel-linux-x86_64-fedora-clang | 0.2 | 77.61 | OK | |||
r-devel-linux-x86_64-fedora-gcc | 0.2 | 75.84 | OK | |||
r-devel-windows-x86_64 | 0.2 | 4.00 | 61.00 | 65.00 | OK | |
r-patched-linux-x86_64 | 0.2 | 2.97 | 43.49 | 46.46 | OK | |
r-release-linux-x86_64 | 0.2 | 2.73 | 44.19 | 46.92 | OK | |
r-release-macos-arm64 | 0.2 | 25.00 | OK | |||
r-release-macos-x86_64 | 0.2 | 43.00 | OK | |||
r-release-windows-x86_64 | 0.2 | 4.00 | 61.00 | 65.00 | OK | |
r-oldrel-macos-arm64 | 0.2 | 30.00 | OK | |||
r-oldrel-macos-x86_64 | 0.2 | 63.00 | OK | |||
r-oldrel-windows-x86_64 | 0.2 | 5.00 | 70.00 | 75.00 | OK |
Version: 0.2
Check: examples
Result: NOTE
Examples with CPU (user + system) or elapsed time > 5s
user system elapsed
Boost 10.719 0.027 12.762
Boost.control 10.239 0.019 12.566
Flavor: r-devel-linux-x86_64-debian-clang
Version: 0.2
Check: examples
Result: NOTE
Examples with CPU (user + system) or elapsed time > 5s
user system elapsed
Boost 5.536 0.014 6.310
Boost.control 5.351 0.024 6.173
Flavor: r-devel-linux-x86_64-debian-gcc